{"id":136,"date":"2019-02-25T21:41:52","date_gmt":"2019-02-25T20:41:52","guid":{"rendered":"https:\/\/blogg.hiof.no\/colam-esp\/?page_id=136"},"modified":"2019-02-25T21:41:52","modified_gmt":"2019-02-25T20:41:52","slug":"lenguaje-juvenil","status":"publish","type":"page","link":"https:\/\/blogg.hiof.no\/colam-esp\/lenguaje-juvenil\/","title":{"rendered":"LENGUAJE JUVENIL"},"content":{"rendered":"<h2>LENGUAJE JUVENIL<\/h2>\n<p>2000a It\u2019s enough funny man: Intensifiers in teenage talk. In J. Kirk (ed). Corpora Galore. Amsterdam: Rodopi, 177-190.<\/p>\n<p>2000b with U-B. Kotsinas and E.M. Drange (eds). Ungdommers spr\u00e5km\u00f6ter. Nord 2000:26.<\/p>\n<p>2002a with G. Andersen and I.K. Hasund. Trends in Teenage Talk. Corpus compilation, analysis and findings. Amsterdam: Benjamins.<\/p>\n<p>2002b with E.M. Drange and U-B. Kotsinas (eds). Jallaspr\u00e5k: slanguage og annet ungdomsspr\u00e5k i Norden. Kristiansand: H\u00f6yskoleforlaget.<\/p>\n<p>2003 It\u2019s not that I really care about him personally you know: The construction of gender identity in London teenage talk. In A. Androutsopoulos and A. Georgakopoulou (eds). Discourse Constructions of Youth Identity. Pragmatics &amp; Beyond New Series 110. Amsterdam\/Philadelphia, Benjamins.<\/p>\n<p>2004 a What is going on between speakers? In A. Partington, J. Morley and L. Haarman (eds). Corpora and Discourse. Bern: Peter Lang, 259-283.<\/p>\n<p>2004 b with K.Aijmer (eds). Discourse Patterns in Spoken and Written Corpora. Amsterdam\/Philadelphia: Benjamins.<\/p>\n<p>Forthcoming f with K. Aijmer (eds). Approaches to Spoken Interaction. Special Issue of Journal of Pragmatics.<\/p>\n","protected":false},"excerpt":{"rendered":"<p>LENGUAJE JUVENIL 2000a It\u2019s enough funny man: Intensifiers in teenage talk. In J. Kirk (ed). Corpora Galore. Amsterdam: Rodopi, 177-190. 2000b with U-B. Kotsinas and E.M. Drange (eds). Ungdommers spr\u00e5km\u00f6ter. Nord 2000:26. 2002a with G. Andersen and I.K. Hasund. Trends in Teenage Talk. Corpus compilation, analysis and findings. Amsterdam: Benjamins. 2002b with E.M. Drange and &hellip; <a href=\"https:\/\/blogg.hiof.no\/colam-esp\/lenguaje-juvenil\/\" class=\"more-link\">Fortsett \u00e5 lese<span class=\"screen-reader-text\"> \u00abLENGUAJE JUVENIL\u00bb<\/span><\/a><\/p>\n","protected":false},"author":1186,"featured_media":0,"parent":0,"menu_order":0,"comment_status":"closed","ping_status":"closed","template":"","meta":{"jetpack_post_was_ever_published":false,"footnotes":""},"class_list":["post-136","page","type-page","status-publish","hentry"],"jetpack_sharing_enabled":true,"jetpack_shortlink":"https:\/\/wp.me\/P9SACn-2c","jetpack_likes_enabled":true,"jetpack-related-posts":[],"_links":{"self":[{"href":"https:\/\/blogg.hiof.no\/colam-esp\/wp-json\/wp\/v2\/pages\/136","targetHints":{"allow":["GET"]}}],"collection":[{"href":"https:\/\/blogg.hiof.no\/colam-esp\/wp-json\/wp\/v2\/pages"}],"about":[{"href":"https:\/\/blogg.hiof.no\/colam-esp\/wp-json\/wp\/v2\/types\/page"}],"author":[{"embeddable":true,"href":"https:\/\/blogg.hiof.no\/colam-esp\/wp-json\/wp\/v2\/users\/1186"}],"replies":[{"embeddable":true,"href":"https:\/\/blogg.hiof.no\/colam-esp\/wp-json\/wp\/v2\/comments?post=136"}],"version-history":[{"count":1,"href":"https:\/\/blogg.hiof.no\/colam-esp\/wp-json\/wp\/v2\/pages\/136\/revisions"}],"predecessor-version":[{"id":137,"href":"https:\/\/blogg.hiof.no\/colam-esp\/wp-json\/wp\/v2\/pages\/136\/revisions\/137"}],"wp:attachment":[{"href":"https:\/\/blogg.hiof.no\/colam-esp\/wp-json\/wp\/v2\/media?parent=136"}],"curies":[{"name":"wp","href":"https:\/\/api.w.org\/{rel}","templated":true}]}}