{"id":16,"date":"2018-05-02T16:14:43","date_gmt":"2018-05-02T14:14:43","guid":{"rendered":"https:\/\/blogg.hiof.no\/colam-esp\/?page_id=16"},"modified":"2019-02-25T21:53:36","modified_gmt":"2019-02-25T20:53:36","slug":"publicaciones","status":"publish","type":"page","link":"https:\/\/blogg.hiof.no\/colam-esp\/publicaciones\/","title":{"rendered":"Publicaciones"},"content":{"rendered":"<ul>\n<li class=\"storlinjeavstand\"><a href=\"https:\/\/blogg.hiof.no\/colam\/files\/2019\/02\/COLA_-A-Spanish-spoken-corpus-of-youth-language.pdf\">Art\u00edculo en ingl\u00e9s sobre el corpus COLA<\/a><\/li>\n<li class=\"storlinjeavstand\"><a href=\"https:\/\/blogg.hiof.no\/colam\/files\/2019\/02\/COLA_-UN-CORPUS-ORAL-DE-LENGUAJE-ADOLESCENTE.pdf\">Art\u00edculo en espa\u00f1ol sobre el corpus COLA <\/a><\/li>\n<li class=\"storlinjeavstand\"><a href=\"https:\/\/blogg.hiof.no\/colam\/files\/2019\/02\/Artikkel-om-COLA-Prosjektet.pdf\">Art\u00edculo en noruego sobre el corpus COLA <\/a><\/li>\n<li class=\"storlinjeavstand\"><a href=\"https:\/\/blogg.hiof.no\/colam-esp\/publicaciones-basadas-en-el-corpus-cola\/\">ARTICULOS CIENTIFICOS BASADOS en el corpus COLA<\/a><\/li>\n<li class=\"storlinjeavstand\"><a href=\"https:\/\/blogg.hiof.no\/colam-esp\/lenguaje-juvenil\/\">Publicaciones sobre lenguaje juvenil<\/a><\/li>\n<li class=\"storlinjeavstand\"><a href=\"https:\/\/blogg.hiof.no\/colam-esp\/lista-bibliografia\/\">Lista bibliogr\u00e1fica general<\/a><\/li>\n<li class=\"storlinjeavstand\"><a href=\"https:\/\/blogg.hiof.no\/colam-esp\/enlaces\/\">Tesis de Master basadas en el corpus COLA <\/a><\/li>\n<li class=\"storlinjeavstand\"><a href=\"https:\/\/blogg.hiof.no\/colam-esp\/tesis-doctorales-basadas-en-el-corpus-cola\/\">Tesis Doctorales basadas en el corpus COLA <\/a><\/li>\n<\/ul>\n","protected":false},"excerpt":{"rendered":"<p>Art\u00edculo en ingl\u00e9s sobre el corpus COLA Art\u00edculo en espa\u00f1ol sobre el corpus COLA Art\u00edculo en noruego sobre el corpus COLA ARTICULOS CIENTIFICOS BASADOS en el corpus COLA Publicaciones sobre lenguaje juvenil Lista bibliogr\u00e1fica general Tesis de Master basadas en el corpus COLA Tesis Doctorales basadas en el corpus COLA<\/p>\n","protected":false},"author":1,"featured_media":0,"parent":0,"menu_order":0,"comment_status":"closed","ping_status":"closed","template":"","meta":{"jetpack_post_was_ever_published":false,"footnotes":""},"class_list":["post-16","page","type-page","status-publish","hentry"],"jetpack_sharing_enabled":true,"jetpack_shortlink":"https:\/\/wp.me\/P9SACn-g","jetpack_likes_enabled":true,"jetpack-related-posts":[],"_links":{"self":[{"href":"https:\/\/blogg.hiof.no\/colam-esp\/wp-json\/wp\/v2\/pages\/16","targetHints":{"allow":["GET"]}}],"collection":[{"href":"https:\/\/blogg.hiof.no\/colam-esp\/wp-json\/wp\/v2\/pages"}],"about":[{"href":"https:\/\/blogg.hiof.no\/colam-esp\/wp-json\/wp\/v2\/types\/page"}],"author":[{"embeddable":true,"href":"https:\/\/blogg.hiof.no\/colam-esp\/wp-json\/wp\/v2\/users\/1"}],"replies":[{"embeddable":true,"href":"https:\/\/blogg.hiof.no\/colam-esp\/wp-json\/wp\/v2\/comments?post=16"}],"version-history":[{"count":8,"href":"https:\/\/blogg.hiof.no\/colam-esp\/wp-json\/wp\/v2\/pages\/16\/revisions"}],"predecessor-version":[{"id":145,"href":"https:\/\/blogg.hiof.no\/colam-esp\/wp-json\/wp\/v2\/pages\/16\/revisions\/145"}],"wp:attachment":[{"href":"https:\/\/blogg.hiof.no\/colam-esp\/wp-json\/wp\/v2\/media?parent=16"}],"curies":[{"name":"wp","href":"https:\/\/api.w.org\/{rel}","templated":true}]}}