{"id":2,"date":"2018-05-02T15:20:26","date_gmt":"2018-05-02T13:20:26","guid":{"rendered":"https:\/\/blogg.hiof.no\/colam\/?page_id=2"},"modified":"2022-02-22T19:54:44","modified_gmt":"2022-02-22T18:54:44","slug":"testside","status":"publish","type":"page","link":"https:\/\/blogg.hiof.no\/colam\/","title":{"rendered":"COLA-korpuset"},"content":{"rendered":"<h1><strong>Velkommen til COLA-korpuset, <\/strong>C<strong>orpus <\/strong>O<strong>ral de <\/strong>L<strong>enguaje <\/strong>A<strong>dolescente<\/strong><\/h1>\n<p>Cola-korpuset tilbyr forskere muntlige samtaler mellom ungdommer (13-19 \u00e5r) fra Madrid og andre spansktalende hovedstader.<br \/>\nCOLA-korpuset er kommet til ved et samarbeid mellom UiB og HiOf.<\/p>\n<p><img data-recalc-dims=\"1\" loading=\"lazy\" decoding=\"async\" data-attachment-id=\"16\" data-permalink=\"https:\/\/blogg.hiof.no\/colam\/testside\/im000435-jpg\/\" data-orig-file=\"https:\/\/i0.wp.com\/blogg.hiof.no\/colam\/files\/2018\/05\/norskungdom-e1527693335347.jpg?fit=403%2C248&amp;ssl=1\" data-orig-size=\"403,248\" data-comments-opened=\"0\" data-image-meta=\"{&quot;aperture&quot;:&quot;8&quot;,&quot;credit&quot;:&quot;&quot;,&quot;camera&quot;:&quot;hp PhotoSmart 43x series&quot;,&quot;caption&quot;:&quot;IM000435.JPG&quot;,&quot;created_timestamp&quot;:&quot;1106949952&quot;,&quot;copyright&quot;:&quot;Copyright 2002-2003&quot;,&quot;focal_length&quot;:&quot;5.67&quot;,&quot;iso&quot;:&quot;100&quot;,&quot;shutter_speed&quot;:&quot;0.0079365079365079&quot;,&quot;title&quot;:&quot;IM000435.JPG&quot;,&quot;orientation&quot;:&quot;1&quot;}\" data-image-title=\"IM000435.JPG\" data-image-description=\"\" data-image-caption=\"&lt;p&gt;IM000435.JPG&lt;\/p&gt;\n\" data-medium-file=\"https:\/\/i0.wp.com\/blogg.hiof.no\/colam\/files\/2018\/05\/norskungdom-e1527693335347.jpg?fit=300%2C185&amp;ssl=1\" data-large-file=\"https:\/\/i0.wp.com\/blogg.hiof.no\/colam\/files\/2018\/05\/norskungdom-e1527693335347.jpg?fit=403%2C248&amp;ssl=1\" class=\"alignleft wp-image-16\" src=\"https:\/\/i0.wp.com\/blogg.hiof.no\/colam\/files\/2018\/05\/norskungdom.jpg?resize=579%2C356&#038;ssl=1\" alt=\"\" width=\"579\" height=\"356\" \/><\/p>\n<p>&nbsp;<\/p>\n<p>&nbsp;<\/p>\n<p>&nbsp;<\/p>\n<p>&nbsp;<\/p>\n<p>&nbsp;<\/p>\n<p>&nbsp;<\/p>\n<p>&nbsp;<\/p>\n<p>&nbsp;<\/p>\n<p>COLA-korpuset har fire underavdelinger:<\/p>\n<p><img data-recalc-dims=\"1\" loading=\"lazy\" decoding=\"async\" data-attachment-id=\"276\" data-permalink=\"https:\/\/blogg.hiof.no\/colam\/testside\/spanskflagg\/\" data-orig-file=\"https:\/\/i0.wp.com\/blogg.hiof.no\/colam\/files\/2019\/02\/spanskflagg.gif?fit=10%2C10&amp;ssl=1\" data-orig-size=\"10,10\" data-comments-opened=\"0\" data-image-meta=\"{&quot;aperture&quot;:&quot;0&quot;,&quot;credit&quot;:&quot;&quot;,&quot;camera&quot;:&quot;&quot;,&quot;caption&quot;:&quot;&quot;,&quot;created_timestamp&quot;:&quot;0&quot;,&quot;copyright&quot;:&quot;&quot;,&quot;focal_length&quot;:&quot;0&quot;,&quot;iso&quot;:&quot;0&quot;,&quot;shutter_speed&quot;:&quot;0&quot;,&quot;title&quot;:&quot;&quot;,&quot;orientation&quot;:&quot;0&quot;}\" data-image-title=\"spanskflagg\" data-image-description=\"\" data-image-caption=\"\" data-medium-file=\"https:\/\/i0.wp.com\/blogg.hiof.no\/colam\/files\/2019\/02\/spanskflagg.gif?fit=10%2C10&amp;ssl=1\" data-large-file=\"https:\/\/i0.wp.com\/blogg.hiof.no\/colam\/files\/2019\/02\/spanskflagg.gif?fit=10%2C10&amp;ssl=1\" class=\"alignnone size-full wp-image-276\" src=\"https:\/\/i0.wp.com\/blogg.hiof.no\/colam\/files\/2019\/02\/spanskflagg.gif?resize=10%2C10&#038;ssl=1\" alt=\"\" width=\"10\" height=\"10\" \/>\u00a0\u00a0 COLAm: ungdomsspr\u00e5k i Madrid<br \/>\n<img data-recalc-dims=\"1\" loading=\"lazy\" decoding=\"async\" data-attachment-id=\"277\" data-permalink=\"https:\/\/blogg.hiof.no\/colam\/testside\/argentinaflagg\/\" data-orig-file=\"https:\/\/i0.wp.com\/blogg.hiof.no\/colam\/files\/2019\/02\/argentinaflagg.gif?fit=10%2C10&amp;ssl=1\" data-orig-size=\"10,10\" data-comments-opened=\"0\" data-image-meta=\"{&quot;aperture&quot;:&quot;0&quot;,&quot;credit&quot;:&quot;&quot;,&quot;camera&quot;:&quot;&quot;,&quot;caption&quot;:&quot;&quot;,&quot;created_timestamp&quot;:&quot;0&quot;,&quot;copyright&quot;:&quot;&quot;,&quot;focal_length&quot;:&quot;0&quot;,&quot;iso&quot;:&quot;0&quot;,&quot;shutter_speed&quot;:&quot;0&quot;,&quot;title&quot;:&quot;&quot;,&quot;orientation&quot;:&quot;0&quot;}\" data-image-title=\"argentinaflagg\" data-image-description=\"\" data-image-caption=\"\" data-medium-file=\"https:\/\/i0.wp.com\/blogg.hiof.no\/colam\/files\/2019\/02\/argentinaflagg.gif?fit=10%2C10&amp;ssl=1\" data-large-file=\"https:\/\/i0.wp.com\/blogg.hiof.no\/colam\/files\/2019\/02\/argentinaflagg.gif?fit=10%2C10&amp;ssl=1\" class=\"alignnone size-full wp-image-277\" src=\"https:\/\/i0.wp.com\/blogg.hiof.no\/colam\/files\/2019\/02\/argentinaflagg.gif?resize=10%2C10&#038;ssl=1\" alt=\"\" width=\"10\" height=\"10\" \/>\u00a0\u00a0 COLAba: ungdomsspr\u00e5k i Buenos Aires<br \/>\n<img data-recalc-dims=\"1\" loading=\"lazy\" decoding=\"async\" data-attachment-id=\"278\" data-permalink=\"https:\/\/blogg.hiof.no\/colam\/testside\/chileflag\/\" data-orig-file=\"https:\/\/i0.wp.com\/blogg.hiof.no\/colam\/files\/2019\/02\/chileflag.jpg?fit=10%2C10&amp;ssl=1\" data-orig-size=\"10,10\" data-comments-opened=\"0\" data-image-meta=\"{&quot;aperture&quot;:&quot;0&quot;,&quot;credit&quot;:&quot;&quot;,&quot;camera&quot;:&quot;&quot;,&quot;caption&quot;:&quot;&quot;,&quot;created_timestamp&quot;:&quot;0&quot;,&quot;copyright&quot;:&quot;&quot;,&quot;focal_length&quot;:&quot;0&quot;,&quot;iso&quot;:&quot;0&quot;,&quot;shutter_speed&quot;:&quot;0&quot;,&quot;title&quot;:&quot;&quot;,&quot;orientation&quot;:&quot;1&quot;}\" data-image-title=\"chileflag\" data-image-description=\"\" data-image-caption=\"\" data-medium-file=\"https:\/\/i0.wp.com\/blogg.hiof.no\/colam\/files\/2019\/02\/chileflag.jpg?fit=10%2C10&amp;ssl=1\" data-large-file=\"https:\/\/i0.wp.com\/blogg.hiof.no\/colam\/files\/2019\/02\/chileflag.jpg?fit=10%2C10&amp;ssl=1\" class=\"alignnone size-full wp-image-278\" src=\"https:\/\/i0.wp.com\/blogg.hiof.no\/colam\/files\/2019\/02\/chileflag.jpg?resize=10%2C10&#038;ssl=1\" alt=\"\" width=\"10\" height=\"10\" \/>\u00a0\u00a0 COLAs: ungdomsspr\u00e5k i Santiago de Chile<br \/>\n<img data-recalc-dims=\"1\" loading=\"lazy\" decoding=\"async\" data-attachment-id=\"273\" data-permalink=\"https:\/\/blogg.hiof.no\/colam\/testside\/nic\/\" data-orig-file=\"https:\/\/i0.wp.com\/blogg.hiof.no\/colam\/files\/2019\/02\/nic.png?fit=10%2C10&amp;ssl=1\" data-orig-size=\"10,10\" data-comments-opened=\"0\" data-image-meta=\"{&quot;aperture&quot;:&quot;0&quot;,&quot;credit&quot;:&quot;&quot;,&quot;camera&quot;:&quot;&quot;,&quot;caption&quot;:&quot;&quot;,&quot;created_timestamp&quot;:&quot;0&quot;,&quot;copyright&quot;:&quot;&quot;,&quot;focal_length&quot;:&quot;0&quot;,&quot;iso&quot;:&quot;0&quot;,&quot;shutter_speed&quot;:&quot;0&quot;,&quot;title&quot;:&quot;&quot;,&quot;orientation&quot;:&quot;0&quot;}\" data-image-title=\"nic\" data-image-description=\"\" data-image-caption=\"\" data-medium-file=\"https:\/\/i0.wp.com\/blogg.hiof.no\/colam\/files\/2019\/02\/nic.png?fit=10%2C10&amp;ssl=1\" data-large-file=\"https:\/\/i0.wp.com\/blogg.hiof.no\/colam\/files\/2019\/02\/nic.png?fit=10%2C10&amp;ssl=1\" class=\"alignnone size-full wp-image-273\" src=\"https:\/\/i0.wp.com\/blogg.hiof.no\/colam\/files\/2019\/02\/nic.png?resize=10%2C10&#038;ssl=1\" alt=\"\" width=\"10\" height=\"10\" \/>\u00a0\u00a0 COLAman: ungdomsspr\u00e5k i Managua<\/p>\n<p>COLAm-korpuset (Madrid-delen) er under rettelse og beregnes bli ferdig juli 2022. De andre underavdelingene (unntatt Managua) ferdigstilles i desember 2022.<br \/>\nVed hjelp av COLA-korpuset kan man forske p\u00e5 <a href=\"http:\/\/no.wikipedia.org\/wiki\/Ungdom\">ungdommers<\/a> s\u00e6regne talem\u00e5te, innflytelsen av andre spr\u00e5k p\u00e5 det spansk ungdomsspr\u00e5ket. Man kontrastere materialet fra de spansktalende <a href=\"http:\/\/no.wikipedia.org\/wiki\/Hovedstad\">hovedstader<\/a>\/<a href=\"http:\/\/no.wikipedia.org\/w\/index.php?title=Spesial%3AS\u00f8k&amp;search=metropol&amp;button=&amp;fulltext=1\">metropoler<\/a> med det materialet som allerede finnes i korpusene UNO (Oslo) og COLT (London).<\/p>\n<p>COLAkorpuset ligger under <a href=\"https:\/\/repo.clarino.uib.no\/xmlui\/\">CLARINO<\/a> med den nye plattformen korpuskel: <a href=\"http:\/\/clarino.uib.no\/korpuskel\/page\">http:\/\/clarino.uib.no\/korpuskel\/page<\/a><\/p>\n<p>COLA-prosjektet er finansiert av det Humanistiske fakultet, <a href=\"http:\/\/www.uib.no\/fremmedsprak\">Institutt for Fremmedspr\u00e5k<\/a> og <a href=\"http:\/\/www.uib.no\/forskning\/ressurser\/fond-og-stiftelser\/l.-meltzers-hoyskolefond\">Meltzerfondet<\/a> ved Universitetet i Bergen,<a href=\"http:\/\/www.forskningsradet.no\/no\/Forsiden\/1173185591033\"> NFR<\/a> (Norges Forskningsr\u00e5d) og <a href=\"https:\/\/www.hiof.no\/frontpage?lang=eng\">H\u00f8gskolen i \u00d8stfold<\/a>.<br \/>\nDe tekniske aspektene av korpuset er utf\u00f8rt av <a href=\"http:\/\/uni.no\/nb\/staff\/directory\/knut-hofland\/\">Knut Hofland<\/a> ved forhenv\u00e6rende UniResearch<\/p>\n<p><strong>Deltagere i COLA prosjektet:<\/strong><\/p>\n<p>Prosjektleder: Professor <a href=\"https:\/\/www.hiof.no\/oss\/personer\/und-forsk-ansatte\/ammj\/index.html\">Annette Myre J\u00f8rgensen<\/a>. Institutt for Spr\u00e5k, litteratur og kultur, <a href=\"https:\/\/www.hiof.no\/om-hogskolen\/sok-pa-sidene\/profil\/?&amp;displayitem=57471&amp;module=admin\">H\u00f8gskolen i \u00d8stfold<\/a><br \/>\nTranskripsjonskoordinator Esperanza Egu\u00eda Padilla<strong>. <\/strong>Institutt for Spr\u00e5k, litteratur og kultur<strong>, <\/strong><a href=\"https:\/\/www.hiof.no\/om-hogskolen\/sok-pa-sidene\/profil\/?&amp;displayitem=57471&amp;module=admin\">H\u00f8gsk<\/a><a href=\"https:\/\/www.hiof.no\/om-hogskolen\/sok-pa-sidene\/profil\/?&amp;displayitem=57471&amp;module=admin\">olen i \u00d8stfold<\/a><br \/>\nProfessor Em. <a href=\"mailto:ab.stenstrom@telia.com\">Anna-Brita Stenstr\u00f6m<\/a>, Engelsk Institutt, Universitetet i Bergen.<br \/>\nProfessor <a href=\"mailto:juan@colam.org\">Juan Antonio Mart\u00ednez L\u00f3pez<\/a>, Universidad <a href=\"http:\/\/www.upo.es\/portal\/impe\/web\/portada\">Pablo de Olavide<\/a>, Sevilla.<br \/>\nF\u00f8rsteamanuensis Eli Marie Drange Danbolt, Universitetet i Agder.<br \/>\nProfessor <a href=\"http:\/\/www.upo.es\/fitr\/contenido?pag=\/portal\/upo\/profesores\/mreytej\/profesor\">Mariano Reyes Tejedor<\/a>, Universidad <a href=\"http:\/\/www.upo.es\/portal\/impe\/web\/portada\"> Pablo de Olavide<\/a>, Sevilla.<\/p>\n<p>Dra. <a href=\"mailto:angela_mura@yahoo.it\">Giovanna Angela Mura<\/a>, Univ. de Alicante, Master <a href=\"mailto:stinehuseby@gmail.com\">Stine Huseby<\/a><br \/>\nMaster <a href=\"mailto:liseholmvik@student.uib.no\">Lise Holmvik, <\/a>Master <a href=\"mailto:solfrid.hernes@student.uib.no\">Solfrid Hernes, <\/a>Master <a href=\"mailto:evert.jakobsen@student.uib.no\">Evert Jakobsen<\/a><br \/>\nMaster <a href=\"mailto:kristine.eide@student.uib.no\">Kristine Eide, <\/a>Master <a href=\"mailto:kristine.eide@student.uib.no\">Maria Espeland<\/a><\/p>\n<p>&nbsp;<\/p>\n<p>&nbsp;<\/p>\n<p><img data-recalc-dims=\"1\" loading=\"lazy\" decoding=\"async\" data-attachment-id=\"281\" data-permalink=\"https:\/\/blogg.hiof.no\/colam\/testside\/uib\/\" data-orig-file=\"https:\/\/i0.wp.com\/blogg.hiof.no\/colam\/files\/2019\/02\/uib.jpg?fit=120%2C120&amp;ssl=1\" data-orig-size=\"120,120\" data-comments-opened=\"0\" data-image-meta=\"{&quot;aperture&quot;:&quot;0&quot;,&quot;credit&quot;:&quot;&quot;,&quot;camera&quot;:&quot;&quot;,&quot;caption&quot;:&quot;&quot;,&quot;created_timestamp&quot;:&quot;0&quot;,&quot;copyright&quot;:&quot;&quot;,&quot;focal_length&quot;:&quot;0&quot;,&quot;iso&quot;:&quot;0&quot;,&quot;shutter_speed&quot;:&quot;0&quot;,&quot;title&quot;:&quot;&quot;,&quot;orientation&quot;:&quot;1&quot;}\" data-image-title=\"uib\" data-image-description=\"\" data-image-caption=\"\" data-medium-file=\"https:\/\/i0.wp.com\/blogg.hiof.no\/colam\/files\/2019\/02\/uib.jpg?fit=120%2C120&amp;ssl=1\" data-large-file=\"https:\/\/i0.wp.com\/blogg.hiof.no\/colam\/files\/2019\/02\/uib.jpg?fit=120%2C120&amp;ssl=1\" class=\"alignnone wp-image-281\" src=\"https:\/\/i0.wp.com\/blogg.hiof.no\/colam\/files\/2019\/02\/uib.jpg?resize=151%2C151&#038;ssl=1\" alt=\"\" width=\"151\" height=\"151\" \/> \u00a0<img data-recalc-dims=\"1\" loading=\"lazy\" decoding=\"async\" data-attachment-id=\"280\" data-permalink=\"https:\/\/blogg.hiof.no\/colam\/testside\/hiof\/\" data-orig-file=\"https:\/\/i0.wp.com\/blogg.hiof.no\/colam\/files\/2019\/02\/hiof.png?fit=200%2C120&amp;ssl=1\" data-orig-size=\"200,120\" data-comments-opened=\"0\" data-image-meta=\"{&quot;aperture&quot;:&quot;0&quot;,&quot;credit&quot;:&quot;&quot;,&quot;camera&quot;:&quot;&quot;,&quot;caption&quot;:&quot;&quot;,&quot;created_timestamp&quot;:&quot;0&quot;,&quot;copyright&quot;:&quot;&quot;,&quot;focal_length&quot;:&quot;0&quot;,&quot;iso&quot;:&quot;0&quot;,&quot;shutter_speed&quot;:&quot;0&quot;,&quot;title&quot;:&quot;&quot;,&quot;orientation&quot;:&quot;0&quot;}\" data-image-title=\"hiof\" data-image-description=\"\" data-image-caption=\"\" data-medium-file=\"https:\/\/i0.wp.com\/blogg.hiof.no\/colam\/files\/2019\/02\/hiof.png?fit=200%2C120&amp;ssl=1\" data-large-file=\"https:\/\/i0.wp.com\/blogg.hiof.no\/colam\/files\/2019\/02\/hiof.png?fit=200%2C120&amp;ssl=1\" class=\"wp-image-280 alignright\" src=\"https:\/\/i0.wp.com\/blogg.hiof.no\/colam\/files\/2019\/02\/hiof.png?resize=258%2C155&#038;ssl=1\" alt=\"\" width=\"258\" height=\"155\" \/><\/p>\n","protected":false},"excerpt":{"rendered":"<p>Velkommen til COLA-korpuset, Corpus Oral de Lenguaje Adolescente Cola-korpuset tilbyr forskere muntlige samtaler mellom ungdommer (13-19 \u00e5r) fra Madrid og andre spansktalende hovedstader. COLA-korpuset er kommet til ved et samarbeid mellom UiB og HiOf. &nbsp; &nbsp; &nbsp; &nbsp; &nbsp; &nbsp; &nbsp; &nbsp; COLA-korpuset har fire underavdelinger: \u00a0\u00a0 COLAm: ungdomsspr\u00e5k i Madrid \u00a0\u00a0 COLAba: ungdomsspr\u00e5k i &hellip; <a href=\"https:\/\/blogg.hiof.no\/colam\/\" class=\"more-link\">Fortsett \u00e5 lese<span class=\"screen-reader-text\"> \u00abCOLA-korpuset\u00bb<\/span><\/a><\/p>\n","protected":false},"author":1,"featured_media":0,"parent":0,"menu_order":0,"comment_status":"closed","ping_status":"open","template":"","meta":{"jetpack_post_was_ever_published":false,"footnotes":""},"class_list":["post-2","page","type-page","status-publish","hentry"],"jetpack_sharing_enabled":true,"jetpack_shortlink":"https:\/\/wp.me\/P9SAbz-2","jetpack_likes_enabled":true,"jetpack-related-posts":[],"_links":{"self":[{"href":"https:\/\/blogg.hiof.no\/colam\/wp-json\/wp\/v2\/pages\/2","targetHints":{"allow":["GET"]}}],"collection":[{"href":"https:\/\/blogg.hiof.no\/colam\/wp-json\/wp\/v2\/pages"}],"about":[{"href":"https:\/\/blogg.hiof.no\/colam\/wp-json\/wp\/v2\/types\/page"}],"author":[{"embeddable":true,"href":"https:\/\/blogg.hiof.no\/colam\/wp-json\/wp\/v2\/users\/1"}],"replies":[{"embeddable":true,"href":"https:\/\/blogg.hiof.no\/colam\/wp-json\/wp\/v2\/comments?post=2"}],"version-history":[{"count":85,"href":"https:\/\/blogg.hiof.no\/colam\/wp-json\/wp\/v2\/pages\/2\/revisions"}],"predecessor-version":[{"id":543,"href":"https:\/\/blogg.hiof.no\/colam\/wp-json\/wp\/v2\/pages\/2\/revisions\/543"}],"wp:attachment":[{"href":"https:\/\/blogg.hiof.no\/colam\/wp-json\/wp\/v2\/media?parent=2"}],"curies":[{"name":"wp","href":"https:\/\/api.w.org\/{rel}","templated":true}]}}