{"id":33,"date":"2018-05-02T16:01:06","date_gmt":"2018-05-02T14:01:06","guid":{"rendered":"https:\/\/blogg.hiof.no\/colam\/?page_id=33"},"modified":"2022-02-22T20:14:48","modified_gmt":"2022-02-22T19:14:48","slug":"gjesteforskere","status":"publish","type":"page","link":"https:\/\/blogg.hiof.no\/colam\/gjesteforskere\/","title":{"rendered":"Gjesteforskere"},"content":{"rendered":"<h2>Forskere<\/h2>\n<p>Utenlandske forskere fra andre universitet ved COLA-prosjektet:<\/p>\n<table class=\"member-list\" border=\"0\" width=\"100%\">\n<tbody>\n<tr>\n<td class=\"picture-collumn\"><img data-recalc-dims=\"1\" loading=\"lazy\" decoding=\"async\" data-attachment-id=\"548\" data-permalink=\"https:\/\/blogg.hiof.no\/colam\/gjesteforskere\/unnamed-1\/\" data-orig-file=\"https:\/\/i0.wp.com\/blogg.hiof.no\/colam\/files\/2022\/02\/unnamed-1.jpg?fit=65%2C85&amp;ssl=1\" data-orig-size=\"65,85\" data-comments-opened=\"0\" data-image-meta=\"{&quot;aperture&quot;:&quot;0&quot;,&quot;credit&quot;:&quot;&quot;,&quot;camera&quot;:&quot;&quot;,&quot;caption&quot;:&quot;&quot;,&quot;created_timestamp&quot;:&quot;0&quot;,&quot;copyright&quot;:&quot;&quot;,&quot;focal_length&quot;:&quot;0&quot;,&quot;iso&quot;:&quot;0&quot;,&quot;shutter_speed&quot;:&quot;0&quot;,&quot;title&quot;:&quot;&quot;,&quot;orientation&quot;:&quot;0&quot;}\" data-image-title=\"unnamed-1\" data-image-description=\"\" data-image-caption=\"\" data-medium-file=\"https:\/\/i0.wp.com\/blogg.hiof.no\/colam\/files\/2022\/02\/unnamed-1.jpg?fit=65%2C85&amp;ssl=1\" data-large-file=\"https:\/\/i0.wp.com\/blogg.hiof.no\/colam\/files\/2022\/02\/unnamed-1.jpg?fit=65%2C85&amp;ssl=1\" class=\"alignnone wp-image-548\" src=\"https:\/\/i0.wp.com\/blogg.hiof.no\/colam\/files\/2022\/02\/unnamed-1.jpg?resize=90%2C117&#038;ssl=1\" alt=\"\" width=\"90\" height=\"117\" \/><\/td>\n<td>fra <a href=\"http:\/\/www.upo.es\/portal\/impe\/web\/portada\">Universidad Pablo de Olavide<\/a>, Sevilla har hatt et forskeropphold sammen med representanter fra COLA-gruppen ved IF fra Mai-September 2012.<\/td>\n<\/tr>\n<tr>\n<td class=\"picture-collumn\"><img data-recalc-dims=\"1\" loading=\"lazy\" decoding=\"async\" data-attachment-id=\"546\" data-permalink=\"https:\/\/blogg.hiof.no\/colam\/gjesteforskere\/images-3\/\" data-orig-file=\"https:\/\/i0.wp.com\/blogg.hiof.no\/colam\/files\/2022\/02\/images-3.jpg?fit=183%2C275&amp;ssl=1\" data-orig-size=\"183,275\" data-comments-opened=\"0\" data-image-meta=\"{&quot;aperture&quot;:&quot;0&quot;,&quot;credit&quot;:&quot;&quot;,&quot;camera&quot;:&quot;&quot;,&quot;caption&quot;:&quot;&quot;,&quot;created_timestamp&quot;:&quot;0&quot;,&quot;copyright&quot;:&quot;&quot;,&quot;focal_length&quot;:&quot;0&quot;,&quot;iso&quot;:&quot;0&quot;,&quot;shutter_speed&quot;:&quot;0&quot;,&quot;title&quot;:&quot;&quot;,&quot;orientation&quot;:&quot;0&quot;}\" data-image-title=\"images-3\" data-image-description=\"\" data-image-caption=\"\" data-medium-file=\"https:\/\/i0.wp.com\/blogg.hiof.no\/colam\/files\/2022\/02\/images-3.jpg?fit=183%2C275&amp;ssl=1\" data-large-file=\"https:\/\/i0.wp.com\/blogg.hiof.no\/colam\/files\/2022\/02\/images-3.jpg?fit=183%2C275&amp;ssl=1\" class=\"alignnone size-full wp-image-546\" src=\"https:\/\/i0.wp.com\/blogg.hiof.no\/colam\/files\/2022\/02\/images-3.jpg?resize=183%2C275&#038;ssl=1\" alt=\"\" width=\"183\" height=\"275\" \/><\/td>\n<td><strong>Marcos Garc\u00eda<\/strong> <strong>Gonz\u00e1lez<\/strong> fra La Facultad de Filoloxia, Universidad de <a href=\"http:\/\/www.usc.es\/\">Santiago de Compostela<\/a> tilbrakte tre m\u00e5neder ved Institutt for Fremmedspr\u00e5k ved UiB for \u00e5 forske p\u00e5 muntlig spr\u00e5k, h\u00f8sten 2009<\/td>\n<\/tr>\n<tr>\n<td class=\"picture-collumn\"><img data-recalc-dims=\"1\" loading=\"lazy\" decoding=\"async\" data-attachment-id=\"544\" data-permalink=\"https:\/\/blogg.hiof.no\/colam\/gjesteforskere\/images-2\/\" data-orig-file=\"https:\/\/i0.wp.com\/blogg.hiof.no\/colam\/files\/2022\/02\/images-2.jpg?fit=202%2C250&amp;ssl=1\" data-orig-size=\"202,250\" data-comments-opened=\"0\" data-image-meta=\"{&quot;aperture&quot;:&quot;0&quot;,&quot;credit&quot;:&quot;&quot;,&quot;camera&quot;:&quot;&quot;,&quot;caption&quot;:&quot;&quot;,&quot;created_timestamp&quot;:&quot;0&quot;,&quot;copyright&quot;:&quot;&quot;,&quot;focal_length&quot;:&quot;0&quot;,&quot;iso&quot;:&quot;0&quot;,&quot;shutter_speed&quot;:&quot;0&quot;,&quot;title&quot;:&quot;&quot;,&quot;orientation&quot;:&quot;0&quot;}\" data-image-title=\"images-2\" data-image-description=\"\" data-image-caption=\"\" data-medium-file=\"https:\/\/i0.wp.com\/blogg.hiof.no\/colam\/files\/2022\/02\/images-2.jpg?fit=202%2C250&amp;ssl=1\" data-large-file=\"https:\/\/i0.wp.com\/blogg.hiof.no\/colam\/files\/2022\/02\/images-2.jpg?fit=202%2C250&amp;ssl=1\" class=\"alignnone size-full wp-image-544\" src=\"https:\/\/i0.wp.com\/blogg.hiof.no\/colam\/files\/2022\/02\/images-2.jpg?resize=202%2C250&#038;ssl=1\" alt=\"\" width=\"202\" height=\"250\" \/><\/td>\n<td><strong>Juan Manuel P\u00e9rez Sanchez<\/strong> fra Universidad <a href=\"http:\/\/www.upf.edu\/\">Pompeu Fabra<\/a>, Barcelona som skriver avhandling om ungdomsspr\u00e5k i Medell\u00edn, el Parlache, var tre m\u00e5neder ved <a href=\"http:\/\/www.uib.no\/filearchive\/ifnytt_nr4-2_10.pdf\">Institutt for Fremmedspr\u00e5k<\/a> ved UiB for \u00e5 bruke COLT og COLA-korpusene sommeren 2010<\/td>\n<\/tr>\n<tr>\n<td class=\"picture-collumn\"><img data-recalc-dims=\"1\" loading=\"lazy\" decoding=\"async\" data-attachment-id=\"549\" data-permalink=\"https:\/\/blogg.hiof.no\/colam\/gjesteforskere\/download-1\/\" data-orig-file=\"https:\/\/i0.wp.com\/blogg.hiof.no\/colam\/files\/2022\/02\/download-1.jpg?fit=200%2C200&amp;ssl=1\" data-orig-size=\"200,200\" data-comments-opened=\"0\" data-image-meta=\"{&quot;aperture&quot;:&quot;0&quot;,&quot;credit&quot;:&quot;&quot;,&quot;camera&quot;:&quot;&quot;,&quot;caption&quot;:&quot;&quot;,&quot;created_timestamp&quot;:&quot;0&quot;,&quot;copyright&quot;:&quot;&quot;,&quot;focal_length&quot;:&quot;0&quot;,&quot;iso&quot;:&quot;0&quot;,&quot;shutter_speed&quot;:&quot;0&quot;,&quot;title&quot;:&quot;&quot;,&quot;orientation&quot;:&quot;0&quot;}\" data-image-title=\"download-1\" data-image-description=\"\" data-image-caption=\"\" data-medium-file=\"https:\/\/i0.wp.com\/blogg.hiof.no\/colam\/files\/2022\/02\/download-1.jpg?fit=200%2C200&amp;ssl=1\" data-large-file=\"https:\/\/i0.wp.com\/blogg.hiof.no\/colam\/files\/2022\/02\/download-1.jpg?fit=200%2C200&amp;ssl=1\" class=\"alignnone wp-image-549\" src=\"https:\/\/i0.wp.com\/blogg.hiof.no\/colam\/files\/2022\/02\/download-1.jpg?resize=101%2C101&#038;ssl=1\" alt=\"\" width=\"101\" height=\"101\" srcset=\"https:\/\/i0.wp.com\/blogg.hiof.no\/colam\/files\/2022\/02\/download-1.jpg?w=200&amp;ssl=1 200w, https:\/\/i0.wp.com\/blogg.hiof.no\/colam\/files\/2022\/02\/download-1.jpg?resize=150%2C150&amp;ssl=1 150w\" sizes=\"auto, (max-width: 101px) 85vw, 101px\" \/><\/td>\n<td><strong>Ines Olza<\/strong> fra <a href=\"http:\/\/www.unav.es\/english\/\">Universidad de Navarra<\/a>, Pamplona skriver om faste uttrykk i muntlig spr\u00e5k og bruker COLAm-korpuset til dette. Hun har hatt et forskeropphold p\u00e5 en m\u00e5ned ved Institutt for Fremmedspr\u00e5k for \u00e5 samarbeide med deltagerne i COLA-gruppen i september m\u00e5ned, 2011<\/td>\n<\/tr>\n<tr>\n<td class=\"picture-collumn\"><img data-recalc-dims=\"1\" decoding=\"async\" src=\"https:\/\/i0.wp.com\/colam.org\/COLABILDER\/2011\/Olga%20SF.jpg?w=840\" alt=\"OSF\" \/><\/td>\n<td><strong>Olga San<\/strong>-F\u00e9lix fra<a href=\"http:\/\/www.ucm.es\/\"> Universidad Complutense de Madrid<\/a> hadde et ett\u00e5rig forskningsopphold ved COLA-prosjektet 2002-2003<\/td>\n<\/tr>\n<\/tbody>\n<\/table>\n","protected":false},"excerpt":{"rendered":"<p>Forskere Utenlandske forskere fra andre universitet ved COLA-prosjektet: fra Universidad Pablo de Olavide, Sevilla har hatt et forskeropphold sammen med representanter fra COLA-gruppen ved IF fra Mai-September 2012. Marcos Garc\u00eda Gonz\u00e1lez fra La Facultad de Filoloxia, Universidad de Santiago de Compostela tilbrakte tre m\u00e5neder ved Institutt for Fremmedspr\u00e5k ved UiB for \u00e5 forske p\u00e5 muntlig &hellip; <a href=\"https:\/\/blogg.hiof.no\/colam\/gjesteforskere\/\" class=\"more-link\">Fortsett \u00e5 lese<span class=\"screen-reader-text\"> \u00abGjesteforskere\u00bb<\/span><\/a><\/p>\n","protected":false},"author":1,"featured_media":0,"parent":0,"menu_order":0,"comment_status":"closed","ping_status":"closed","template":"","meta":{"jetpack_post_was_ever_published":false,"footnotes":""},"class_list":["post-33","page","type-page","status-publish","hentry"],"jetpack_sharing_enabled":true,"jetpack_shortlink":"https:\/\/wp.me\/P9SAbz-x","jetpack_likes_enabled":true,"jetpack-related-posts":[],"_links":{"self":[{"href":"https:\/\/blogg.hiof.no\/colam\/wp-json\/wp\/v2\/pages\/33","targetHints":{"allow":["GET"]}}],"collection":[{"href":"https:\/\/blogg.hiof.no\/colam\/wp-json\/wp\/v2\/pages"}],"about":[{"href":"https:\/\/blogg.hiof.no\/colam\/wp-json\/wp\/v2\/types\/page"}],"author":[{"embeddable":true,"href":"https:\/\/blogg.hiof.no\/colam\/wp-json\/wp\/v2\/users\/1"}],"replies":[{"embeddable":true,"href":"https:\/\/blogg.hiof.no\/colam\/wp-json\/wp\/v2\/comments?post=33"}],"version-history":[{"count":18,"href":"https:\/\/blogg.hiof.no\/colam\/wp-json\/wp\/v2\/pages\/33\/revisions"}],"predecessor-version":[{"id":550,"href":"https:\/\/blogg.hiof.no\/colam\/wp-json\/wp\/v2\/pages\/33\/revisions\/550"}],"wp:attachment":[{"href":"https:\/\/blogg.hiof.no\/colam\/wp-json\/wp\/v2\/media?parent=33"}],"curies":[{"name":"wp","href":"https:\/\/api.w.org\/{rel}","templated":true}]}}