{"id":2,"date":"2021-10-11T10:20:03","date_gmt":"2021-10-11T10:20:03","guid":{"rendered":"https:\/\/blogg.hiof.no\/digifabart\/?page_id=2"},"modified":"2021-10-12T13:45:36","modified_gmt":"2021-10-12T13:45:36","slug":"sample-page","status":"publish","type":"page","link":"https:\/\/blogg.hiof.no\/digifabart\/sample-page\/","title":{"rendered":"Papirh\u00e5ndverk og Microbit"},"content":{"rendered":"<p><em>Denne workshopen er basert p\u00e5 \u00a0PaperMech (<a href=\"https:\/\/www.papermech.net\">https:\/\/www.papermech.net<\/a>) og Paper Pocket Pets (<a href=\"https:\/\/www.instructables.com\/Paper-Pocket-Pets\/\">https:\/\/www.instructables.com\/Paper-Pocket-Pets\/<\/a>)<\/em><\/p>\n<p><iframe loading=\"lazy\" title=\"Paper Mechatronics: Pathfinders Summer Institute Day-1\" src=\"https:\/\/player.vimeo.com\/video\/280302620?dnt=1&amp;app_id=122963\" width=\"500\" height=\"281\" frameborder=\"0\" allow=\"autoplay; fullscreen; picture-in-picture; clipboard-write\"><\/iframe><\/p>\n<p><strong>Kompetansem\u00e5l etter 7.trinn:<\/strong><br \/>\n<span class=\"curriculum-verb__word\">bruke\u00a0<\/span>programmering til \u00e5 skape interaktivitet og visuelle uttrykk<\/p>\n<p><strong>Kompetansem\u00e5l etter 10.trinn:<\/strong><br \/>\n<span class=\"curriculum-verb__word\">utforske\u00a0<\/span>hvordan digitale verkt\u00f8y og ny teknologi kan gi muligheter for kommunikasjonsformer og opplevelser i skapende prosesser og produkter<\/p>\n<p><strong>Teknologi:<\/strong> Microbit + servo<\/p>\n<h2>Forslag til opplegg:<\/h2>\n<p><strong>Idemyldring:<\/strong>\u00a0Be barn tegne, planlegge og tegne ideene sine. Hjelp barna med \u00e5 komme i gang ved \u00e5 be dem tenke p\u00e5 maskinens bevegelse og hva bevegelsen kan foresl\u00e5. Det kan v\u00e6re et dyr, en imagin\u00e6r skapning, en scene og s\u00e5 videre.<\/p>\n<p><a href=\"https:\/\/blogg.hiof.no\/digifabart\/files\/2021\/10\/Crank-Mechanism-Placemat.pdf\">Crank Mechanism Placemat<\/a><\/p>\n<p><strong>Konstruksjon:\u00a0<\/strong>Dele ut ett sett med materialer per prosjekt. Hjelp elevene med \u00e5 navngi delene og deres form\u00e5l &#8211; en servomotor, en mikrokontroller eller tannhjul. La elevene begynne \u00e5 sette sammen mekanismen sin.<\/p>\n<p><a href=\"https:\/\/blogg.hiof.no\/digifabart\/files\/2021\/10\/Crank_AllParts.pdf\">Crank_AllParts<\/a><\/p>\n<p><iframe loading=\"lazy\" title=\"how to assemble the up-down + crank\" src=\"https:\/\/player.vimeo.com\/video\/188109172?dnt=1&amp;app_id=122963\" width=\"500\" height=\"281\" frameborder=\"0\" allow=\"autoplay; fullscreen; picture-in-picture; clipboard-write\"><\/iframe><\/p>\n<p>hentet fra<a href=\"http:\/\/papermech.net\"> papermech.net<\/a><\/p>\n<p><strong>Koding: <\/strong>Minn elevene p\u00e5 \u00e5 teste mekanismens bevegelse med en mikrokontroller for \u00e5 feils\u00f8ke eventuelle bevegelsesproblemer f\u00f8r de dekoreres.<\/p>\n<p><a href=\"https:\/\/www.wevideo.com\/view\/2118950542\">Kom ig\u00e5ng med Microbit: https:\/\/www.wevideo.com\/embed\/#2118950542<\/a><\/p>\n<p><a href=\"https:\/\/www.wevideo.com\/view\/2120422031\">Ladde ner koden til din micro:bit: https:\/\/www.wevideo.com\/view\/2120422031<\/a><\/p>\n<p>Eksempelkode for servo: <a href=\"https:\/\/makecode.microbit.org\/_hbrdKH55gLH8\">https:\/\/makecode.microbit.org\/_hbrdKH55gLH8<\/a><\/p>\n<p><strong>Dekorering:<\/strong> Be elevene dekorere mekanismene f\u00f8rst etter at de har testet bevegelsene sine. Be elevene som er ferdige tidlig om \u00e5 skrive en beskrivelse p\u00e5 et kort.<\/p>\n<p><strong>Deling:<\/strong> Be elevene teste maskinene sine for \u00e5 se at den beveger seg som forventet. Vis frem kreasjonene deres. Be barna dele hva som inspirerte dem til \u00e5 lage maskinen; hva var utfordringene de m\u00f8tte, og hvordan overvunnet de dem? hva kan de endre eller gj\u00f8re annerledes hvis de hadde mer tid.<\/p>\n<p><strong>Forslag til to ulike utvidelser av oppgaven:<\/strong><\/p>\n<ul>\n<li>se p\u00e5 ulike bevegelser:\u00a0<a href=\"http:\/\/www.papermech.net\/modules\/create.php\">http:\/\/www.papermech.net\/modules\/create.php<\/a><\/li>\n<li>se p\u00e5 hvordan lys og lyd kan brukes <a href=\"https:\/\/www.instructables.com\/Paper-Pocket-Pets\/\">https:\/\/www.instructables.com\/Paper-Pocket-Pets\/<\/a><\/li>\n<\/ul>\n","protected":false},"excerpt":{"rendered":"<p>Denne workshopen er basert p\u00e5 \u00a0PaperMech (https:\/\/www.papermech.net) og Paper Pocket Pets (https:\/\/www.instructables.com\/Paper-Pocket-Pets\/) Kompetansem\u00e5l etter 7.trinn: bruke\u00a0programmering til \u00e5 skape interaktivitet og visuelle uttrykk Kompetansem\u00e5l etter 10.trinn: utforske\u00a0hvordan digitale verkt\u00f8y og ny teknologi kan gi muligheter for kommunikasjonsformer og opplevelser i skapende prosesser og produkter Teknologi: Microbit + servo Forslag til opplegg: Idemyldring:\u00a0Be barn tegne, planlegge <a class=\"read-more\" href=\"https:\/\/blogg.hiof.no\/digifabart\/sample-page\/\">&hellip;&nbsp;<span class=\"meta-nav\">&rarr;<\/span><\/a><\/p>\n","protected":false},"author":454,"featured_media":0,"parent":0,"menu_order":0,"comment_status":"closed","ping_status":"open","template":"","meta":{"footnotes":""},"class_list":["post-2","page","type-page","status-publish","hentry"],"jetpack-related-posts":[],"jetpack_sharing_enabled":true,"_links":{"self":[{"href":"https:\/\/blogg.hiof.no\/digifabart\/wp-json\/wp\/v2\/pages\/2","targetHints":{"allow":["GET"]}}],"collection":[{"href":"https:\/\/blogg.hiof.no\/digifabart\/wp-json\/wp\/v2\/pages"}],"about":[{"href":"https:\/\/blogg.hiof.no\/digifabart\/wp-json\/wp\/v2\/types\/page"}],"author":[{"embeddable":true,"href":"https:\/\/blogg.hiof.no\/digifabart\/wp-json\/wp\/v2\/users\/454"}],"replies":[{"embeddable":true,"href":"https:\/\/blogg.hiof.no\/digifabart\/wp-json\/wp\/v2\/comments?post=2"}],"version-history":[{"count":12,"href":"https:\/\/blogg.hiof.no\/digifabart\/wp-json\/wp\/v2\/pages\/2\/revisions"}],"predecessor-version":[{"id":26,"href":"https:\/\/blogg.hiof.no\/digifabart\/wp-json\/wp\/v2\/pages\/2\/revisions\/26"}],"wp:attachment":[{"href":"https:\/\/blogg.hiof.no\/digifabart\/wp-json\/wp\/v2\/media?parent=2"}],"curies":[{"name":"wp","href":"https:\/\/api.w.org\/{rel}","templated":true}]}}