{"id":74,"date":"2015-02-05T14:07:48","date_gmt":"2015-02-05T14:07:48","guid":{"rendered":"http:\/\/blogg.hiof.no\/dmpro\/?page_id=74"},"modified":"2021-08-24T13:21:35","modified_gmt":"2021-08-24T13:21:35","slug":"linser","status":"publish","type":"page","link":"https:\/\/blogg.hiof.no\/dmpro\/linser\/","title":{"rendered":"Linser"},"content":{"rendered":"<h1>Objektiv for Canon speilrefleks<img loading=\"lazy\" decoding=\"async\" class=\"\" src=\"http:\/\/img.gfx.no\/664\/664092\/i_664092.jpg\" alt=\"\" width=\"412\" height=\"304\" \/><\/h1>\n<p>Det er mulig \u00e5 bruke objektiv beregnet for fullformat p\u00e5 APS kameraer men ikke omvendt.<\/p>\n<p><span class=\"text_medium\"><span class=\"text_medium\">For \u00e5 f\u00e5 en sammenlignbar verdi\u00a0 p\u00e5 <\/span><\/span>brennvidden til objektivet m\u00e5 den ganges med 1,6 for APS. Hvis vi f.eks. setter ett normalobjektiv for fullformat (50 mm) <span class=\"text_medium\"><span class=\"text_medium\">p\u00e5 et APSkamera<\/span><\/span>, vil dette tilsvare et moderat teleobjektiv\u00a0 (50*1,6= 80mm).<\/p>\n<h2>EF-M<\/h2>\n<p><strong>Kun for EOS M kamera<\/strong><\/p>\n<p>EOS-M kamera kan bruke vanlige Canon linser med en adapter.<\/p>\n<table border=\"2\" cellspacing=\"2\" cellpadding=\"5\">\n<tbody>\n<tr>\n<td><a href=\"https:\/\/www.canon.no\/lenses\/ef-m-55-200mm-f-4-5-6-3-is-stm-lens\/\">Canon EF-M 55-200\/4.5-6.3 IS STM<\/a><\/td>\n<td><span class=\"text_medium\"><span class=\"text_medium\">Telezoom<a href=\"http:\/\/www.fotovideo.no\/aspx\/produkt\/prdinfovnet.aspx?plid=13607\" target=\"_parent\" rel=\"noopener\"><br \/>\n<\/a><\/span><\/span><\/td>\n<\/tr>\n<tr>\n<td><a href=\"https:\/\/7artisans.no\/butikk\/12mm-f2-8\/\">7Artisans 12mm f\/2.8<\/a><\/td>\n<td><span class=\"text_medium\"><span class=\"text_medium\">Vidvinkel, manuelt<\/span><\/span><\/td>\n<\/tr>\n<tr>\n<td><a href=\"https:\/\/7artisans.no\/butikk\/35mm-f1-2\/\">7Artisans 35mm f\/1.2 II<\/a><\/td>\n<td>Lyssterkt normalobjektiv<\/td>\n<\/tr>\n<\/tbody>\n<\/table>\n<p>&nbsp;<\/p>\n<h2>EF-S\u00a0 \u00a0Kun for APS<\/h2>\n<p><strong>Fast brennvidde (prime):<\/strong><\/p>\n<table border=\"2\" cellspacing=\"2\" cellpadding=\"5\">\n<tbody>\n<tr>\n<td>\u00a0<a href=\"http:\/\/samyang-europe.com\/index.php\/dslr-lenses\/samyang-8mm-f-35-umc-fish-eye-cs-ii\">Samyang MF 8mm<\/a> f\/3.5<\/td>\n<td><span class=\"text_medium\"><span class=\"text_medium\">Fisheye. Manuell blender og fokus.<a href=\"http:\/\/www.fotovideo.no\/aspx\/produkt\/prdinfovnet.aspx?plid=13607\" target=\"_parent\" rel=\"noopener\"><br \/>\n<\/a><\/span><\/span><\/td>\n<\/tr>\n<tr>\n<td><span class=\"text_medium\"><span class=\"text_medium\"><a href=\"http:\/\/www.sigmaphoto.com\/shop\/30mm-f14-ex-dc-hsm-sigma\">Sigma 30 mm<\/a> <\/span><\/span><span class=\"text_medium\"><span class=\"text_medium\">f\/<\/span><\/span><span class=\"text_medium\"><span class=\"text_medium\">1.4<\/span><\/span><\/td>\n<td><span class=\"text_medium\"><span class=\"text_medium\">Lystterkt normalobjektivt\u00a0\u00a0(2 stk)<\/span><\/span><\/td>\n<\/tr>\n<tr>\n<td><a href=\"http:\/\/www.tamron.com\/en\/photolens\/di_II_macro\/\">Tamron 60mm<\/a>\u00a0f\/2<\/td>\n<td>Macro og portrett<\/td>\n<\/tr>\n<\/tbody>\n<\/table>\n<p><strong>Zoom:<\/strong><\/p>\n<table border=\"2\" cellpadding=\"5\">\n<tbody>\n<tr>\n<td><span class=\"text_medium\"><a href=\"http:\/\/www.canon.no\/lenses\/ef-s-10-18mm-f-4-5-5-6-is-stm-lens\/\">Canon 10-18 mm IS STM\u00a0<\/a>f\/4.5-5.6<\/span><\/td>\n<td>Vidvinkelzoom &#8211; Stabilisert<\/td>\n<\/tr>\n<tr>\n<td><span class=\"text_medium\"><a href=\"https:\/\/www.sigmaphoto.com\/10-20mm-f35-ex-dc-hsm\">Sigma 10-20 mm <\/a><\/span><span class=\"text_medium\"><span class=\"text_medium\">f\/<\/span><\/span><span class=\"text_medium\"><span class=\"text_medium\">4-5.6<\/span><\/span><\/td>\n<td>Vidvinkelzoom<\/td>\n<\/tr>\n<tr>\n<td><a href=\"http:\/\/www.tamron.com\/en\/photolens\/di_II_hi_speed\/a16.html\">Tamron 17-50 mm <\/a>f\/2.8<\/td>\n<td>Lyssterk normalzoom\u00a0\u00a0(2 stk)<\/td>\n<\/tr>\n<tr>\n<td><span class=\"text_medium\"><a href=\"https:\/\/www.imaging-resource.com\/lenses\/sigma\/55-200mm-f4.5-5.6-dc\/review\/\">Sigma 55-200 mm <\/a><\/span><span class=\"text_medium\"><span class=\"text_medium\">f\/<\/span><\/span><span class=\"text_medium\"><span class=\"text_medium\">4-5.6<\/span><\/span><\/td>\n<td>Liten og lett Telezoom<\/td>\n<\/tr>\n<tr>\n<td><a href=\"http:\/\/www.bhphotovideo.com\/c\/product\/543923-USA\/Canon_2044B002AA_EF_S_55_250mm_f_4_5_6_IS.html\">Canon Efs 55-250 f\/4-5.6<\/a><\/td>\n<td>Telelzoom\u00a0\u00a0(2 stk)<\/td>\n<\/tr>\n<\/tbody>\n<\/table>\n<h2>EF\u00a0 \u00a0For fullformat (og APS)<\/h2>\n<p>Alle fullformatlinser kan settes p\u00e5 kameraer med APS-sensor, men brennvidden vil endres med en faktor 1,6. Setter vi f.eks. Sigma 20mm p\u00e5 et APS-kamera, vil denne fungere som en svak vidvinkel (1,6\u00d720=32mm).<\/p>\n<p><strong>Fast brennvidde (prime):<\/strong><\/p>\n<table border=\"2\" cellpadding=\"5\">\n<tbody>\n<tr>\n<td>\n<div><span class=\"text_medium\"><span class=\"text_medium\"><a href=\"http:\/\/www.sigmaphoto.com\/shop\/15mm-f28-ex-dg-diagonal-fisheye-sigma\">Sigma 15 mm<\/a>f\/2.8<\/span><\/span><\/div>\n<\/td>\n<td>\n<div><span class=\"text_medium\"><span class=\"text_medium\">Fisheye (Fungerer kun som fisheye med fullformat sensor)<a href=\"http:\/\/www.fotovideo.no\/aspx\/produkt\/prdinfovnet.aspx?plid=11871\" target=\"_parent\" rel=\"noopener\"><br \/>\n<\/a><\/span><\/span><\/div>\n<\/td>\n<\/tr>\n<tr>\n<td>\n<div><span class=\"text_medium\"><span class=\"text_medium\"><a href=\"http:\/\/www.canon.no\/For_Home\/Product_Finder\/Cameras\/EF_Lenses\/Fixed_Focal_Length\/EF_28mm_f18_USM\/\">Canon EF 28mm<\/a>f\/1.8 USM<\/span><\/span><\/div>\n<\/td>\n<td>\n<div><span class=\"text_medium\"><span class=\"text_medium\"><span class=\"text_medium\"><span class=\"text_medium\">Vidvinkel med god lysstyrke<br \/>\n<\/span><\/span><\/span><\/span><\/div>\n<\/td>\n<\/tr>\n<tr>\n<td>\n<div><span class=\"text_medium\"><span class=\"text_medium\"><a href=\"http:\/\/www.sigmaphoto.com\/shop\/20mm-f18-ex-dg-asp-rf-sigma\">Sigma 20mm<\/a><\/span><\/span><span class=\"text_medium\"><span class=\"text_medium\">f\/<\/span><\/span><span class=\"text_medium\"><span class=\"text_medium\">1.8<\/span><\/span><\/div>\n<\/td>\n<td>\n<div><span class=\"text_medium\"><span class=\"text_medium\"><span class=\"text_medium\"><span class=\"text_medium\">Kraftig vidvinkel<\/span><\/span><\/span><\/span><\/div>\n<\/td>\n<\/tr>\n<tr>\n<td><a href=\"http:\/\/www.bhphotovideo.com\/c\/product\/870179-REG\/Canon_40mm_f_2_8_EF_Pancake.html\">Canon EF 40 mm<\/a>f\/2.8<\/td>\n<td>Lite, lett og st\u00f8ysvak. Pancake<\/td>\n<\/tr>\n<tr>\n<td>\n<div><span class=\"text_medium\"><span class=\"text_medium\"><a href=\"http:\/\/www.canon.no\/For_Home\/Product_Finder\/Cameras\/EF_Lenses\/Standard_and_Medium_Telephoto\/EF_50mm_f1.4_USM\/\">Canon EF 50mm<\/a>f\/1.4 USM<\/span><\/span><\/div>\n<\/td>\n<td>\n<div><span class=\"text_medium\"><span class=\"text_medium\"><span class=\"text_medium\"><span class=\"text_medium\"> Lyssterk normalobjektiv. Kan brukes som portrettobjektiv for APS. ( 2 stk )<\/span><\/span><\/span><\/span><\/div>\n<\/td>\n<\/tr>\n<tr>\n<td>\n<div><span class=\"text_medium\"><span class=\"text_medium\"><a href=\"http:\/\/samyang-europe.com\/index.php\/dslr-lenses\/samyang-ts-24mm\">Samyang TS 24 mm<\/a> 3.5<\/span><\/span><\/div>\n<\/td>\n<td>\n<div><span class=\"text_medium\"><span class=\"text_medium\">Tilt \/ Shift<\/span><\/span><\/div>\n<\/td>\n<\/tr>\n<tr>\n<td>\n<div><span class=\"text_medium\"><span class=\"text_medium\"><a href=\"http:\/\/samyang-europe.com\/index.php\/dslr-lenses\/samyang-85mm\">Samyang 85 mm<\/a>f\/1.4<\/span><\/span><\/div>\n<\/td>\n<td>\n<div><span class=\"text_medium\"><span class=\"text_medium\">Lyssterk Portrettlinse<\/span><\/span><\/div>\n<\/td>\n<\/tr>\n<tr>\n<td>\n<div><span class=\"text_medium\"><span class=\"text_medium\"><a href=\"http:\/\/www.sigmaphoto.com\/shop\/105mm-f28-ex-dg-macro-sigma\">Sigma 105mm<\/a>f\/2.8<\/span><\/span><\/div>\n<\/td>\n<td>\n<div><span class=\"text_medium\"><span class=\"text_medium\"><span class=\"text_medium\">Makro\/portrettobjektiv. Makro helt ned til 1:1<\/span><\/span><\/span><\/div>\n<\/td>\n<\/tr>\n<tr>\n<td>\n<div><a href=\"http:\/\/www.lensbabies.com\/\" target=\"_parent\" rel=\"noopener\">Lensbaby 3G<\/a><\/div>\n<\/td>\n<td>\n<div>Effektlinse<\/div>\n<\/td>\n<\/tr>\n<tr>\n<td>\n<div><a href=\"http:\/\/www.tamron.com\/lenses\/prod\/14x_teleconverter.asp\">Tamron 1.4 x teleconverter<\/a><\/div>\n<\/td>\n<td>\n<div>\u00d8ker brennvidden med 1,4, men stjeler ett blendertrinn. (En 200mm blir 280mm)<\/div>\n<\/td>\n<\/tr>\n<tr>\n<td>\n<div>Mellomringer<\/div>\n<\/td>\n<td>\n<div>For makrofotografering. Sett med 3 stk.<\/div>\n<\/td>\n<\/tr>\n<\/tbody>\n<\/table>\n<p>&nbsp;<\/p>\n<p><strong>Zoom:<\/strong><\/p>\n<table border=\"2\" cellpadding=\"5\">\n<tbody>\n<tr>\n<td><a href=\"http:\/\/www.bhphotovideo.com\/c\/product\/457678-USA\/Canon_1258B002AA_EF_70_200mm_f_4L_IS.html\">Canon EF 70-200<\/a> f\/4<\/td>\n<td>\n<div>Telezoom<\/div>\n<\/td>\n<\/tr>\n<tr>\n<td>\n<div><a href=\"https:\/\/www.sigmaphoto.com\/70-300mm-f4-5-6-apo-dg-macro\">Sigma 70-300 mm<\/a> f\/4-5.6<\/div>\n<\/td>\n<td>Kraftig telezoom<\/td>\n<\/tr>\n<tr>\n<td>\u00a0<a href=\"http:\/\/www.canon.no\/For_Home\/Product_Finder\/Cameras\/EF_Lenses\/Zoom_Lenses\/EF_55200mm_f4556II_USM\/\" target=\"_parent\" rel=\"noopener\">Canon EF 55-200 mm <\/a>f\/4.5 5.6<\/td>\n<td>Telezoom<\/td>\n<\/tr>\n<\/tbody>\n<\/table>\n<h1>Objektiv for micro 4\/3<\/h1>\n<p>Brennvidden p\u00e5 Micro 4\/3 m\u00e5 ganges med faktor 2 for \u00e5 sammenlignes med fullformat<\/p>\n<table border=\"2\" cellpadding=\"5\">\n<tbody>\n<tr>\n<td>\n<div>Olympus 14-42 mm f\/3.5-5.6<\/div>\n<\/td>\n<td>\n<div>Normalzoom<\/div>\n<\/td>\n<\/tr>\n<tr>\n<td>\n<div>Olympus 17mm f\/2.8 (Pancake)<\/div>\n<\/td>\n<td>\n<div>Svak vidvinkel<\/div>\n<\/td>\n<\/tr>\n<tr>\n<td>\n<div>Panasonic 45-200 mm f\/4-5.6<\/div>\n<\/td>\n<td>\n<div>Telezoom<\/div>\n<\/td>\n<\/tr>\n<\/tbody>\n<\/table>\n<p>&nbsp;<\/p>\n<h3><a id=\"Video\"><\/a>Linser for videokamera med utskiftbar optikk<a href=\"http:\/\/blogg.hiof.no\/dmpro\/files\/2015\/02\/samyang-24_2.jpg\"><img loading=\"lazy\" decoding=\"async\" class=\" wp-image-203 alignright\" src=\"http:\/\/blogg.hiof.no\/dmpro\/files\/2015\/02\/samyang-24_2.jpg\" alt=\"\" width=\"189\" height=\"189\" srcset=\"https:\/\/blogg.hiof.no\/dmpro\/files\/2015\/02\/samyang-24_2.jpg 1000w, https:\/\/blogg.hiof.no\/dmpro\/files\/2015\/02\/samyang-24_2-150x150.jpg 150w, https:\/\/blogg.hiof.no\/dmpro\/files\/2015\/02\/samyang-24_2-300x300.jpg 300w, https:\/\/blogg.hiof.no\/dmpro\/files\/2015\/02\/samyang-24_2-768x768.jpg 768w\" sizes=\"auto, (max-width: 189px) 100vw, 189px\" \/><\/a><\/h3>\n<p>F\u00f8lgende linser er kj\u00f8pt spesielt med tanke Canon C100 videokamera, men de passer ogs\u00e5 Canon speilrefleks.<\/p>\n<table style=\"height: 212px\" width=\"401\">\n<tbody>\n<tr>\n<td><del>Samyang 14mm T 3.1<\/del><\/td>\n<td>\u00a0Vidvinkel<\/td>\n<\/tr>\n<tr>\n<td><a href=\"http:\/\/www.samyanglensglobal.com\/product\/detail.do?SQ=29\">Samyang 16 mm T 2.2<\/a><\/td>\n<td>Vidvinkel<\/td>\n<\/tr>\n<tr>\n<td><a href=\"http:\/\/www.samyanglensglobal.com\/product\/detail.do?SQ=28\">Samyang 24 mm T 1.5<\/a><\/td>\n<td>\u00a0Vid\/normal<\/td>\n<\/tr>\n<tr>\n<td><a href=\"http:\/\/www.samyanglensglobal.com\/product\/detail.do?SQ=26\">Samyang 35 mm T 1.5<\/a><\/td>\n<td>\u00a0Normal<\/td>\n<\/tr>\n<tr>\n<td><a href=\"http:\/\/www.samyanglensglobal.com\/product\/detail.do?SQ=25\">Samyang 85 mm T 1.5<\/a><\/td>\n<td>\u00a0Svak tele<\/td>\n<\/tr>\n<tr>\n<td><a href=\"http:\/\/www.zeiss.com\/camera-lenses\/en_de\/cine_lenses\/compact_lenses\/compact_prime_lenses.html\">Zeiss\u00a0Compact Prime<\/a> \u00a018 mm\/T3.6<\/td>\n<td>Vidvinkel<\/td>\n<\/tr>\n<tr>\n<td><a href=\"http:\/\/www.zeiss.com\/camera-lenses\/en_de\/cine_lenses\/compact_lenses\/compact_prime_lenses.html\">Zeiss\u00a0Compact Prime<\/a>\u00a0 28 mm\/T2.1<\/td>\n<td>\u00a0Normal<\/td>\n<\/tr>\n<\/tbody>\n<\/table>\n<h2>Linser\u00a0for videokamera med fast optikk<\/h2>\n<p>F\u00f8lgende er ekstralinser som kan skrus p\u00e5 det innebygde objektivet for forskjellige kameraer. Sjekk fiterdiameter for \u00e5 finne hva som passer.<\/p>\n<ul>\n<li>0.45x for Panasonic 43mm<\/li>\n<li>16x9inc 0.45x <a href=\"http:\/\/16x9inc.com\/store\/cart.php?m=product_detail&amp;p=666\">Fisheye <\/a>konverter for 72mm, passer Sony FX1, Sony NX5 og Canon A1<\/li>\n<li>Kenko 0.43x Fisheye konverter for 37mm<\/li>\n<li>Canon <a href=\"http:\/\/www.bhphotovideo.com\/c\/product\/464579-REG\/Canon_1724B001_WD_H72_72mm_0_8x_Wide.html\" target=\"_parent\" rel=\"noopener\">WD-H72<\/a> 0.8x vidvinkelkonverter 72mm, passer Sony FX1, Sony NX5 og Canon A1. Zoombar.<\/li>\n<li>Vitacon <a href=\"http:\/\/www.globalmediapro.com\/dp\/A01220\/Vitacon-0572-Wide-Conversion-Lens\/\" target=\"_parent\" rel=\"noopener\">0572<\/a> 0.5x vidvinkelkonverter 72mm, passer Sony FX1, Sony NX5 og Canon A1. Ikke Zoombar.<\/li>\n<li>Sony VCL-ES06 0.6x vidvinkelkonverter 30 og 37 mm. Ikke Zoombar.<\/li>\n<li>Sony VCL-HG0737 0.7x vidvinkelkonverter 37 mm. Zoombar.<\/li>\n<li>Sony VCL-2030 2x telekonverter 30 mm.<\/li>\n<li>Sony VCL-0630 0.6x vidvinkelkonverter 30 mm<\/li>\n<\/ul>\n","protected":false},"excerpt":{"rendered":"<p>Objektiv for Canon speilrefleks Det er mulig \u00e5 bruke objektiv beregnet for fullformat p\u00e5 APS kameraer men ikke omvendt. For \u00e5 f\u00e5 en sammenlignbar verdi\u00a0 p\u00e5 brennvidden til objektivet m\u00e5 den ganges med 1,6 for APS. Hvis vi f.eks. setter ett normalobjektiv for fullformat (50 mm) p\u00e5 et APSkamera, vil dette tilsvare et moderat teleobjektiv\u00a0 &hellip; <a href=\"https:\/\/blogg.hiof.no\/dmpro\/linser\/\" class=\"more-link\">Fortsett \u00e5 lese <span class=\"screen-reader-text\">Linser<\/span> <span class=\"meta-nav\">&rarr;<\/span><\/a><\/p>\n","protected":false},"author":221,"featured_media":0,"parent":0,"menu_order":0,"comment_status":"closed","ping_status":"closed","template":"","meta":{"jetpack_post_was_ever_published":false,"footnotes":""},"class_list":["post-74","page","type-page","status-publish","hentry"],"jetpack_sharing_enabled":true,"jetpack_shortlink":"https:\/\/wp.me\/P5LSvA-1c","_links":{"self":[{"href":"https:\/\/blogg.hiof.no\/dmpro\/wp-json\/wp\/v2\/pages\/74","targetHints":{"allow":["GET"]}}],"collection":[{"href":"https:\/\/blogg.hiof.no\/dmpro\/wp-json\/wp\/v2\/pages"}],"about":[{"href":"https:\/\/blogg.hiof.no\/dmpro\/wp-json\/wp\/v2\/types\/page"}],"author":[{"embeddable":true,"href":"https:\/\/blogg.hiof.no\/dmpro\/wp-json\/wp\/v2\/users\/221"}],"replies":[{"embeddable":true,"href":"https:\/\/blogg.hiof.no\/dmpro\/wp-json\/wp\/v2\/comments?post=74"}],"version-history":[{"count":30,"href":"https:\/\/blogg.hiof.no\/dmpro\/wp-json\/wp\/v2\/pages\/74\/revisions"}],"predecessor-version":[{"id":329,"href":"https:\/\/blogg.hiof.no\/dmpro\/wp-json\/wp\/v2\/pages\/74\/revisions\/329"}],"wp:attachment":[{"href":"https:\/\/blogg.hiof.no\/dmpro\/wp-json\/wp\/v2\/media?parent=74"}],"curies":[{"name":"wp","href":"https:\/\/api.w.org\/{rel}","templated":true}]}}