{"id":98,"date":"2015-02-10T12:41:08","date_gmt":"2015-02-10T12:41:08","guid":{"rendered":"http:\/\/blogg.hiof.no\/dmpro\/?page_id=98"},"modified":"2023-08-10T13:08:34","modified_gmt":"2023-08-10T13:08:34","slug":"fjernkontroll","status":"publish","type":"page","link":"https:\/\/blogg.hiof.no\/dmpro\/fjernkontroll\/","title":{"rendered":"Fjernkontroll"},"content":{"rendered":"<h1>Fjernutl\u00f8ser \/ Timer<\/h1>\n<p>Ved \u00e5 bruke fjernutl\u00f8ser i kombinasjon med stativ, kan man bruke lenger lukkertider uten vibrasjoner. Fjernutl\u00f8ser gir ogs\u00e5 mulighet til \u00e5 ta bilder uten at man st\u00e5r i n\u00e6rheten av kameraet.<\/p>\n<div>Vi har ett par infrar\u00f8de\u00a0fjernutl\u00f8ser, <a href=\"http:\/\/www.canon.com.au\/products\/slr_camera_accessories\/remote_controls\/1576.html\">Canon RC-1<\/a>, som kan brukes p\u00e5\u00a0alle v\u00e5re speilrefleks bortsett fra 5d.<\/div>\n<div><\/div>\n<div><\/div>\n<div>Vi har ogs\u00e5 \u00a0<a href=\"http:\/\/cpn.canon-europe.com\/content\/product\/accessories\/tc-80n3.do\">TC-80N3<\/a>\u00a0 og <a href=\"http:\/\/www.bhphotovideo.com\/c\/product\/840096-REG\/Vello_rc_c1ii_Shutterboss_Version_II_Timer.html\/c\/product\/#inpage:in+stock?gclid=Cj0KEQjwqsyxBRCIxtminsmwkMABEiQAzL34PbOwAugmcE3mFYVNv7mfudd6jg_QpHvyM4YtbgsMzTMaAkOl8P8HAQ\">rst-7001<\/a> som kan bl.a. kan brukes til timelapse\/intervall fotografering. \u00a0Passer til Alle Canon speilreflex (minijack og 3-pin) + diverse andre kameraer.<\/div>\n<div>Se\u00a0<a href=\"http:\/\/www.google.no\/url?sa=t&amp;rct=j&amp;q=&amp;esrc=s&amp;source=web&amp;cd=2&amp;ved=0CHUQFjAB&amp;url=http%3A%2F%2Fec1.images-amazon.com%2Fmedia%2Fi3d%2F01%2FA%2Fman-migrate%2FMANUAL000074952.pdf&amp;ei=L4vET82oD-qD4gTCvNjsCQ&amp;usg=AFQjCNEExuOULLd26xjTtPfmuJal7aKViA&amp;sig2=KmSatowx5N6Y-078aiRUsg\">brukerveilledning<\/a>.<\/div>\n<div><\/div>\n<div><\/div>\n<div><\/div>\n<div>\u00a0<img loading=\"lazy\" decoding=\"async\" class=\" wp-image-103 alignright\" src=\"http:\/\/blogg.hiof.no\/dmpro\/files\/2015\/02\/productimage-picture-yongnuo-rf-603-rf603-flash-trigger_c1-7075-e1423572967902-150x300.jpg\" alt=\"productimage-picture-yongnuo-rf-603-rf603-flash-trigger_c1-7075\" width=\"69\" height=\"138\" srcset=\"https:\/\/blogg.hiof.no\/dmpro\/files\/2015\/02\/productimage-picture-yongnuo-rf-603-rf603-flash-trigger_c1-7075-e1423572967902-150x300.jpg 150w, https:\/\/blogg.hiof.no\/dmpro\/files\/2015\/02\/productimage-picture-yongnuo-rf-603-rf603-flash-trigger_c1-7075-e1423572967902-512x1024.jpg 512w, https:\/\/blogg.hiof.no\/dmpro\/files\/2015\/02\/productimage-picture-yongnuo-rf-603-rf603-flash-trigger_c1-7075-e1423572967902.jpg 522w\" sizes=\"auto, (max-width: 69px) 100vw, 69px\" \/><\/div>\n<div>Vi har fire stk Yongnuo RF-603C. Disse kan brukes for \u00e5 fjernutl\u00f8se en eller flere blitser, eller som fjernkontroll for et kamera.<\/div>\n<div>Yongnuo fungerer ogs\u00e5 fint for \u00e5 l\u00f8se ut studioblitsene<\/div>\n<div><\/div>\n<div><\/div>\n<div><\/div>\n<div><\/div>\n<div>Vi har ogs\u00e5 en <a href=\"http:\/\/www.varizoom.com\/controlsindex.html\">fjernkontroll<\/a> for Panasonic videokamera kameraene. Denne monteres p\u00e5 et stativ og gir mulighet for \u00e5 justere fokus, zoom og blender manuelt.<\/div>\n<div><\/div>\n","protected":false},"excerpt":{"rendered":"<p>Fjernutl\u00f8ser \/ Timer Ved \u00e5 bruke fjernutl\u00f8ser i kombinasjon med stativ, kan man bruke lenger lukkertider uten vibrasjoner. Fjernutl\u00f8ser gir ogs\u00e5 mulighet til \u00e5 ta bilder uten at man st\u00e5r i n\u00e6rheten av kameraet. Vi har ett par infrar\u00f8de\u00a0fjernutl\u00f8ser, Canon RC-1, som kan brukes p\u00e5\u00a0alle v\u00e5re speilrefleks bortsett fra 5d. Vi har ogs\u00e5 \u00a0TC-80N3\u00a0 og &hellip; <a href=\"https:\/\/blogg.hiof.no\/dmpro\/fjernkontroll\/\" class=\"more-link\">Fortsett \u00e5 lese <span class=\"screen-reader-text\">Fjernkontroll<\/span> <span class=\"meta-nav\">&rarr;<\/span><\/a><\/p>\n","protected":false},"author":221,"featured_media":0,"parent":0,"menu_order":0,"comment_status":"closed","ping_status":"closed","template":"","meta":{"jetpack_post_was_ever_published":false,"footnotes":""},"class_list":["post-98","page","type-page","status-publish","hentry"],"jetpack_sharing_enabled":true,"jetpack_shortlink":"https:\/\/wp.me\/P5LSvA-1A","_links":{"self":[{"href":"https:\/\/blogg.hiof.no\/dmpro\/wp-json\/wp\/v2\/pages\/98","targetHints":{"allow":["GET"]}}],"collection":[{"href":"https:\/\/blogg.hiof.no\/dmpro\/wp-json\/wp\/v2\/pages"}],"about":[{"href":"https:\/\/blogg.hiof.no\/dmpro\/wp-json\/wp\/v2\/types\/page"}],"author":[{"embeddable":true,"href":"https:\/\/blogg.hiof.no\/dmpro\/wp-json\/wp\/v2\/users\/221"}],"replies":[{"embeddable":true,"href":"https:\/\/blogg.hiof.no\/dmpro\/wp-json\/wp\/v2\/comments?post=98"}],"version-history":[{"count":23,"href":"https:\/\/blogg.hiof.no\/dmpro\/wp-json\/wp\/v2\/pages\/98\/revisions"}],"predecessor-version":[{"id":363,"href":"https:\/\/blogg.hiof.no\/dmpro\/wp-json\/wp\/v2\/pages\/98\/revisions\/363"}],"wp:attachment":[{"href":"https:\/\/blogg.hiof.no\/dmpro\/wp-json\/wp\/v2\/media?parent=98"}],"curies":[{"name":"wp","href":"https:\/\/api.w.org\/{rel}","templated":true}]}}