{"id":14,"date":"2024-11-22T10:24:36","date_gmt":"2024-11-22T09:24:36","guid":{"rendered":"https:\/\/blogg.hiof.no\/holmboeprisen\/?page_id=14"},"modified":"2024-11-22T10:24:36","modified_gmt":"2024-11-22T09:24:36","slug":"statutter","status":"publish","type":"page","link":"https:\/\/blogg.hiof.no\/holmboeprisen\/statutter\/","title":{"rendered":"Statutter"},"content":{"rendered":"<div class=\"ldark\">\n<h2>Statutter for Bernt Michael Holmboes minnepris<\/h2>\n<div>Ogs\u00e5 tilgjengelig i <a href=\"https:\/\/holmboeprisen.no\/dokumenter\/statutter.pdf\">pdf<\/a>&#8211; og <a href=\"https:\/\/holmboeprisen.no\/dokumenter\/statutter.docx\">Word<\/a>format.<\/div>\n<ol>\n<li>Bernt Michael Holmboes minnepris (Holmboeprisen) er opprettet av Norsk matematikkr\u00e5d.<\/li>\n<li>Form\u00e5let for Holmboeprisen er \u00e5 fremme og bel\u00f8nne god undervisning i matematikk. Dette skjer ved \u00e5 utdele en \u00e5rlig pris til en eller flere matematikkl\u00e6rere eller et matematikkmilj\u00f8 i norsk grunnskole eller videreg\u00e5ende skole. En del av prisbel\u00f8pet vil g\u00e5 til prisvinnernes skole for \u00e5 brukes p\u00e5 tiltak knyttet til undervisning i matematikk.<\/li>\n<li>Ved tildeling av Holmboeprisen skal det vektlegges evne til \u00e5 formidle matematikk og skape interesse for faget tilrettelegging for god undervisning, samt innovasjon og nytenkning.<\/li>\n<li>Det kan arrangeres et symposium om matematikk og undervisning i tilknytning til prisutdelingen.<\/li>\n<li>Styret for Norsk matematikkr\u00e5d er styre for Holmboeprisen.<\/li>\n<li>Styret for Holmboeprisen oppnevner en Holmboekomit\u00e9 p\u00e5 seks personer etter \u00e5 ha innhentet forslag fra l\u00e6rerorganisasjoner, matematikkdidaktiske milj\u00f8er og fra universitetsmilj\u00f8ene. Holmboekomit\u00e9en b\u00f8r ha en l\u00e6rer fra grunnskolen, en l\u00e6rer fra videreg\u00e5ende skole, en matematiker fra l\u00e6rerutdanningen, en matematiker fra universitetsmilj\u00f8ene, og en representant hver for Nasjonalt senter for matematikk i oppl\u00e6ringen og Landslaget for matematikk i skolen. Medlemmene oppnevnes for en periode p\u00e5 tre \u00e5r, og gjenoppnevning en gang er mulig.<\/li>\n<li>Det er fri adgang til \u00e5 nominere kandidater til Holmboeprisen. Styret for Holmboeprisen gir detaljer for hvordan nominasjon skal finne sted.<\/li>\n<li>Holmboekomit\u00e9en vurderer kandidatene til Holmboeprisen og legger frem en innstilling for styret for Holmboeprisen.<\/li>\n<li>Styret for Holmboeprisen tildeler Holmboeprisen p\u00e5 bakgrunn av innstillingen fra Holmboekomit\u00e9en.<\/li>\n<li>Statuttene for Holmboeprisen kan endres av styret for Norsk matematikkr\u00e5d.<\/li>\n<\/ol>\n<div>Vedtatt av styret i Norsk matematikkr\u00e5d 30. januar 2004 (med redaksjonelle endringer i november 2004); revidert 4. april 2008 og 17. april 2020.<\/div>\n<\/div>\n","protected":false},"excerpt":{"rendered":"<p>Statutter for Bernt Michael Holmboes minnepris Ogs\u00e5 tilgjengelig i pdf&#8211; og Wordformat. Bernt Michael Holmboes minnepris (Holmboeprisen) er opprettet av Norsk matematikkr\u00e5d. Form\u00e5let for Holmboeprisen er \u00e5 fremme og bel\u00f8nne god undervisning i matematikk. Dette skjer ved \u00e5 utdele en &hellip; <a href=\"https:\/\/blogg.hiof.no\/holmboeprisen\/statutter\/\">Les videre <span class=\"meta-nav\">&rarr;<\/span><\/a><\/p>\n","protected":false},"author":2225,"featured_media":0,"parent":0,"menu_order":0,"comment_status":"closed","ping_status":"closed","template":"","meta":{"footnotes":""},"class_list":["post-14","page","type-page","status-publish","hentry"],"_links":{"self":[{"href":"https:\/\/blogg.hiof.no\/holmboeprisen\/wp-json\/wp\/v2\/pages\/14","targetHints":{"allow":["GET"]}}],"collection":[{"href":"https:\/\/blogg.hiof.no\/holmboeprisen\/wp-json\/wp\/v2\/pages"}],"about":[{"href":"https:\/\/blogg.hiof.no\/holmboeprisen\/wp-json\/wp\/v2\/types\/page"}],"author":[{"embeddable":true,"href":"https:\/\/blogg.hiof.no\/holmboeprisen\/wp-json\/wp\/v2\/users\/2225"}],"replies":[{"embeddable":true,"href":"https:\/\/blogg.hiof.no\/holmboeprisen\/wp-json\/wp\/v2\/comments?post=14"}],"version-history":[{"count":2,"href":"https:\/\/blogg.hiof.no\/holmboeprisen\/wp-json\/wp\/v2\/pages\/14\/revisions"}],"predecessor-version":[{"id":39,"href":"https:\/\/blogg.hiof.no\/holmboeprisen\/wp-json\/wp\/v2\/pages\/14\/revisions\/39"}],"wp:attachment":[{"href":"https:\/\/blogg.hiof.no\/holmboeprisen\/wp-json\/wp\/v2\/media?parent=14"}],"curies":[{"name":"wp","href":"https:\/\/api.w.org\/{rel}","templated":true}]}}