{"id":190,"date":"2024-11-22T14:32:26","date_gmt":"2024-11-22T13:32:26","guid":{"rendered":"https:\/\/blogg.hiof.no\/holmboeprisen\/?page_id=190"},"modified":"2024-11-22T14:32:26","modified_gmt":"2024-11-22T13:32:26","slug":"program-2011","status":"publish","type":"page","link":"https:\/\/blogg.hiof.no\/holmboeprisen\/arkiv\/program-2011\/","title":{"rendered":"Program 2011"},"content":{"rendered":"<h2>Holmboe-symposiet mandag 23. mai 2011<\/h2>\n<p>Norsk matematikkr\u00e5d har tildelt Holmboeprisen 2011 til Sigbj\u00f8rn Hals, M\u00e5l\u00f8y vidareg\u00e5ande skule, med hedrende omtale til Kari Hauk\u00e5s Lunde, Bryne skule. I forbindelse med utdelingen av prisen arrangeres det et symposium om matematikkundervisning ved H\u00f8gskolen i Oslo. Prisutdelingen og symposiet (inkludert lunsj) er gratis og \u00e5pent for alle interesserte, men lunsjen krever p\u00e5melding (se nedenfor).<\/p>\n<p>Selv om prisutdelingen kommer midt i eksamenstiden, h\u00e5per vi p\u00e5 godt oppm\u00f8te fra l\u00e6rere, studenter, l\u00e6rerutdannere, matematikere og andre matematikkinteresserte!<\/p>\n<h3>Program for dagen<\/h3>\n<p>Lunsjen er gratis s\u00e5 langt plassene rekker, men krever p\u00e5melding til Tom Lindstr\u00f8m (<a href=\"mailto:lindstro@math.uio.no\">lindstro@math.uio.no<\/a>) innen 13. mai.<\/p>\n<table class=\"program\">\n<tbody>\n<tr valign=\"top\">\n<th>10:00 \u2013 ca. 11:00<\/th>\n<td>Prisutdeling p\u00e5 Oslo katedralskole. Prisutdeling ved statsr\u00e5d Kristin Halvorsen p\u00e5 Oslo katedralskole. Abelprisvinner John Milnor vil v\u00e6re til stede. (Alle b\u00f8r v\u00e6re p\u00e5 plass senest 9:45!)<\/td>\n<\/tr>\n<tr valign=\"top\">\n<td colspan=\"2\">Vi forflytter oss deretter til H\u00f8gskolen i Oslo der det er lunsj og seminar:<\/td>\n<\/tr>\n<tr valign=\"top\">\n<th>11:30 \u2013 12:30<\/th>\n<td>Lunsj i Festsalen, Pilestredet 52.<\/td>\n<\/tr>\n<tr valign=\"top\">\n<td colspan=\"2\">Seminaret er i auditorium P173 i Pilestredet 48 (ingen p\u00e5melding):<\/td>\n<\/tr>\n<tr valign=\"top\">\n<th>12:30 \u2013 13:15<\/th>\n<td>Prisvinnerens foredrag. Sigbj\u00f8rn Hals snakker om: <i>Kva ville P\u00f3lya ha gjort med GeoGebra? Refleksjonar om probleml\u00f8ysing og kunsten \u00e5 undervise.<\/i><\/td>\n<\/tr>\n<tr valign=\"top\">\n<td colspan=\"2\">Kaffe<\/td>\n<\/tr>\n<tr valign=\"top\">\n<th>13:45 \u2013 14:30<\/th>\n<td>Michael Naylor, Matematikksenteret, snakker om: <i>Abacaba: fantastisk m\u00f8nster, utrolig matematikk!<\/i> Han vil unders\u00f8ke et matematisk m\u00f8nster, og ta med tilh\u00f8rerne p\u00e5 en fantastisk reise som kobler geometri, kunst, tallsystemer, fraktaler, poesi, musikk, litteratur, hyperspace og mer.<\/td>\n<\/tr>\n<tr valign=\"top\">\n<th>14:45 \u2013 15:30<\/th>\n<td>Torgeir Onstad, ILS: <i>Fotball og geometri<\/i>.<\/td>\n<\/tr>\n<\/tbody>\n<\/table>\n<p>Hjertelig velkommen!<\/p>\n","protected":false},"excerpt":{"rendered":"<p>Holmboe-symposiet mandag 23. mai 2011 Norsk matematikkr\u00e5d har tildelt Holmboeprisen 2011 til Sigbj\u00f8rn Hals, M\u00e5l\u00f8y vidareg\u00e5ande skule, med hedrende omtale til Kari Hauk\u00e5s Lunde, Bryne skule. I forbindelse med utdelingen av prisen arrangeres det et symposium om matematikkundervisning ved H\u00f8gskolen &hellip; <a href=\"https:\/\/blogg.hiof.no\/holmboeprisen\/arkiv\/program-2011\/\">Les videre <span class=\"meta-nav\">&rarr;<\/span><\/a><\/p>\n","protected":false},"author":2225,"featured_media":0,"parent":124,"menu_order":0,"comment_status":"closed","ping_status":"closed","template":"","meta":{"footnotes":""},"class_list":["post-190","page","type-page","status-publish","hentry"],"_links":{"self":[{"href":"https:\/\/blogg.hiof.no\/holmboeprisen\/wp-json\/wp\/v2\/pages\/190","targetHints":{"allow":["GET"]}}],"collection":[{"href":"https:\/\/blogg.hiof.no\/holmboeprisen\/wp-json\/wp\/v2\/pages"}],"about":[{"href":"https:\/\/blogg.hiof.no\/holmboeprisen\/wp-json\/wp\/v2\/types\/page"}],"author":[{"embeddable":true,"href":"https:\/\/blogg.hiof.no\/holmboeprisen\/wp-json\/wp\/v2\/users\/2225"}],"replies":[{"embeddable":true,"href":"https:\/\/blogg.hiof.no\/holmboeprisen\/wp-json\/wp\/v2\/comments?post=190"}],"version-history":[{"count":1,"href":"https:\/\/blogg.hiof.no\/holmboeprisen\/wp-json\/wp\/v2\/pages\/190\/revisions"}],"predecessor-version":[{"id":191,"href":"https:\/\/blogg.hiof.no\/holmboeprisen\/wp-json\/wp\/v2\/pages\/190\/revisions\/191"}],"up":[{"embeddable":true,"href":"https:\/\/blogg.hiof.no\/holmboeprisen\/wp-json\/wp\/v2\/pages\/124"}],"wp:attachment":[{"href":"https:\/\/blogg.hiof.no\/holmboeprisen\/wp-json\/wp\/v2\/media?parent=190"}],"curies":[{"name":"wp","href":"https:\/\/api.w.org\/{rel}","templated":true}]}}