{"id":56,"date":"2024-11-22T12:08:32","date_gmt":"2024-11-22T11:08:32","guid":{"rendered":"https:\/\/blogg.hiof.no\/holmboeprisen\/?page_id=56"},"modified":"2024-11-22T12:08:32","modified_gmt":"2024-11-22T11:08:32","slug":"prisvinner-2007","status":"publish","type":"page","link":"https:\/\/blogg.hiof.no\/holmboeprisen\/prisvinnere\/prisvinner-2007\/","title":{"rendered":"Prisvinner 2007"},"content":{"rendered":"<h2>Karl Erik Sandvold vinner av Holmboeprisen 2007<\/h2>\n<p class=\"ingress\">Norsk matematikkr\u00e5d har tildelt Bernt Michael Holmboes minnepris for 2007 til Karl Erik Sandvold.<br \/>\nKarl Erik Sandvold har i over 30 \u00e5r v\u00e6rt en sentral person i norsk skolematematikk som l\u00e6rer, sensor, l\u00e6rebokforfatter, komitemedlem, kursholder og faglig debattant. P\u00e5 en enest\u00e5ende m\u00e5te har han maktet \u00e5 kombinere rollen som nasjonal p\u00e5driver med n\u00e6r tilstedev\u00e6relse p\u00e5 egen skole og tett oppf\u00f8lging av alle elevgrupper.<\/p>\n<p><img loading=\"lazy\" decoding=\"async\" class=\"center\" src=\"https:\/\/holmboeprisen.no\/images\/Sandvold_500.jpg\" alt=\"Portrett av Karl Erik Sandvold\" width=\"400\" height=\"500\" \/><\/p>\n<p>I sitt daglige virke ved Oslo katedralskole er Karl Erik Sandvold en strukturert, velorganisert og inkluderende matematikkl\u00e6rer med en fremragende evne til \u00e5 inspirere elevene. Han er entusiastisk og hum\u00f8rfull, og hans egen interesse og glede ved faget smitter over p\u00e5 elevene \u2013 ogs\u00e5 p\u00e5 dem som ikke tidligere har vist s\u00e6rlig interesse for matematikk. Hans initiativ g\u00e5r langt utover det som kreves \u2013 fra senere \u00e5r nevner vi bare \u00abl\u00f8rdagsmatematikk\u00bb som et tilbud til elever som sliter med algebra, og valgfaget i \u00abkreativ matematikk\u00bb for dem som \u00f8nsker litt mer og annerledes matematikk. Som kollega er Karl Erik Sandvold \u00e5pen og sjener\u00f8s \u2013 han deler gjerne sine undervisningsopplegg med andre, og opptrer gjerne som mentor for yngre kollegaer.<\/p>\n<p>Sammen med Stein \u00d8grim er Karl Erik Sandvold hovedforfatter for et av de mest brukte l\u00e6reverkene i matematikk i videreg\u00e5ende skole. De begynte sitt arbeid i 1970-\u00e5rene da \u00abmoderne matematikk\u00bb og formelle metoder var p\u00e5 moten, og har senere skrevet stadig nye utgaver tilpasset skiftende l\u00e6replaner. Med sin faglige dyktighet og evne til oppdatering har Karl Erik Sandvold hele tiden spilt en sentral rolle i dette arbeidet. Det er typisk for hans arbeidskraft, entusiasme og perfeksjonisme at han etter hvert ogs\u00e5 ble involvert i den tekniske siden av l\u00e6rebokproduksjonen.<\/p>\n<p>Karl Erik Sandvold har v\u00e6rt medlem i flere sentrale komiteer, blant annet i l\u00e6replangruppen som reviderte Reform 94 og i det departementsnedsatte utvalget \u00abMatematikk i skole og samfunn\u00bb. Som debattant er Sandvold aldri redd for \u00e5 g\u00e5 sine egne veier, men han er ogs\u00e5 lydh\u00f8r for andres meninger, og har en egen evne til \u00e5 finne frem til fruktbare kompromisser. I tillegg til sine egne erfaringer som l\u00e6rer ved Stovner videreg\u00e5ende skole og Oslo katedralskole, bygger han sine synspunkter p\u00e5 innspill fra sitt store kontaktnett over hele landet.<\/p>\n<p>Karl Erik Sandvold har mesteparten av sin karriere i videreg\u00e5ende skole, men han har alltid v\u00e6rt lett \u00e5 lokke til undervisning p\u00e5 andre niv\u00e5er. Vi vil trekke frem hans \u00e5r som \u00abskolelektor\u00bb ved Universitetet i Oslo, der han blant annet var med \u00e5 bygge opp kurset \u00abMA 115: Matematikkens utvikling og egenart\u00bb spesielt beregnet p\u00e5 fremtidige l\u00e6rere. Nevnes kan ogs\u00e5 at norske studenter fikk glede av Karl Erik Sandvold de \u00e5rene han var tilknyttet utvekslingsprogrammet til The University of Queensland og The University of Wollongong i Australia.<\/p>\n<p>Karl Erik Sandvold har et bredt og inkluderende matematikksyn \u2013 hos ham g\u00e5r tekniske ferdigheter, teoriforst\u00e5else, anvendelser, eksperimentering og estetiske opplevelser h\u00e5nd i h\u00e5nd. Han er lyttende og nysgjerrig, men han vurderer nye innspill opp mot egne erfaringer, og tilpasser dem alltid til egne behov f\u00f8r han tar dem i bruk. Som person er han usedvanlig hyggelig og im\u00f8tekommende \u2013 og et oppkomme av humoristiske historier, ofte av selvopplevd karakter. Selv om han liker \u00e5 presentere seg selv som en enkel gutt fra Kapp, har Karl Erik Sandvold brede kulturelle interesser og store kunnskaper, ikke bare i matematikk, men ogs\u00e5 innenfor litteratur og klassisk musikk.<\/p>\n<div><\/div>\n<p><a class=\"menu\" href=\"http:\/\/www.oslo-katedral.vgs.no\/\">Oslo katedralskole<\/a><\/p>\n","protected":false},"excerpt":{"rendered":"<p>Karl Erik Sandvold vinner av Holmboeprisen 2007 Norsk matematikkr\u00e5d har tildelt Bernt Michael Holmboes minnepris for 2007 til Karl Erik Sandvold. Karl Erik Sandvold har i over 30 \u00e5r v\u00e6rt en sentral person i norsk skolematematikk som l\u00e6rer, sensor, l\u00e6rebokforfatter, &hellip; <a href=\"https:\/\/blogg.hiof.no\/holmboeprisen\/prisvinnere\/prisvinner-2007\/\">Les videre <span class=\"meta-nav\">&rarr;<\/span><\/a><\/p>\n","protected":false},"author":2225,"featured_media":0,"parent":12,"menu_order":0,"comment_status":"closed","ping_status":"closed","template":"","meta":{"footnotes":""},"class_list":["post-56","page","type-page","status-publish","hentry"],"_links":{"self":[{"href":"https:\/\/blogg.hiof.no\/holmboeprisen\/wp-json\/wp\/v2\/pages\/56","targetHints":{"allow":["GET"]}}],"collection":[{"href":"https:\/\/blogg.hiof.no\/holmboeprisen\/wp-json\/wp\/v2\/pages"}],"about":[{"href":"https:\/\/blogg.hiof.no\/holmboeprisen\/wp-json\/wp\/v2\/types\/page"}],"author":[{"embeddable":true,"href":"https:\/\/blogg.hiof.no\/holmboeprisen\/wp-json\/wp\/v2\/users\/2225"}],"replies":[{"embeddable":true,"href":"https:\/\/blogg.hiof.no\/holmboeprisen\/wp-json\/wp\/v2\/comments?post=56"}],"version-history":[{"count":1,"href":"https:\/\/blogg.hiof.no\/holmboeprisen\/wp-json\/wp\/v2\/pages\/56\/revisions"}],"predecessor-version":[{"id":57,"href":"https:\/\/blogg.hiof.no\/holmboeprisen\/wp-json\/wp\/v2\/pages\/56\/revisions\/57"}],"up":[{"embeddable":true,"href":"https:\/\/blogg.hiof.no\/holmboeprisen\/wp-json\/wp\/v2\/pages\/12"}],"wp:attachment":[{"href":"https:\/\/blogg.hiof.no\/holmboeprisen\/wp-json\/wp\/v2\/media?parent=56"}],"curies":[{"name":"wp","href":"https:\/\/api.w.org\/{rel}","templated":true}]}}