{"id":67,"date":"2024-11-22T12:11:18","date_gmt":"2024-11-22T11:11:18","guid":{"rendered":"https:\/\/blogg.hiof.no\/holmboeprisen\/?page_id=67"},"modified":"2024-11-22T12:12:16","modified_gmt":"2024-11-22T11:12:16","slug":"prisvinner-2011","status":"publish","type":"page","link":"https:\/\/blogg.hiof.no\/holmboeprisen\/prisvinnere\/prisvinner-2011\/","title":{"rendered":"Prisvinner 2011"},"content":{"rendered":"<div class=\"ldark\">\n<h2>Sigbj\u00f8rn Hals, vinner av Holmboeprisen 2011<\/h2>\n<p class=\"ingress\">Sigbj\u00f8rn Hals har sitt virke som matematikkl\u00e6rer ved M\u00e5l\u00f8y vidareg\u00e5ande skule i Sogn og Fjordane. Hals viser en enest\u00e5ende entusiasme for matematikkfaget, har et gl\u00f8dende engasjement for elevene og er en inspirator for kolleger og andre l\u00e6rere. Hans innsats er mangfoldig, og han favner bredt i sine initiativ b\u00e5de i klassen, p\u00e5 l\u00e6rerv\u00e6relset og i det offentlige rom.<\/p>\n<div>\n<p><img loading=\"lazy\" decoding=\"async\" class=\"center\" src=\"https:\/\/holmboeprisen.no\/images\/SHals-600.jpg\" alt=\"Portrett av Sigbj\u00f8rn Hals\" width=\"400\" height=\"600\" \/><\/p>\n<p class=\"petit\">Foto: John Kr\u00e5kenes\/JK-Foto<\/p>\n<\/div>\n<p>Sigbj\u00f8rn Hals har v\u00e6rt en av drivkreftene for tilrettelegging og innf\u00f8ring av GeoGebra i Norge. Programmet blir i dag brukt av titusener av elever og l\u00e6rere p\u00e5 alle niv\u00e5 fra grunnskole til universitet. Han har oversatt programmet og brukermanualene til begge m\u00e5lf\u00f8re. I tillegg har han laget oppl\u00e6ringshefter for ulike brukergrupper og har holdt en rekke kurs for l\u00e6rere. Interessen strekker seg utover dette ene programmet, og Hals har skrevet oppl\u00e6ringsmanualer til et titalls andre digitale verkt\u00f8y for matematikkundervisning.<\/p>\n<p>Han er ogs\u00e5 en sentral bidragsyter p\u00e5 konferanser b\u00e5de nasjonalt og internasjonalt der IKT er tema. Hals har publisert flere artikler i tidsskriftet Tangenten om bruk av digital teknologi i skolen. Han er medforfatter av l\u00e6reverket Sinus og har siden 2005 v\u00e6rt en ressursperson for Nasjonalt Senter for Matematikk i Oppl\u00e6ringen. Gjennom senterets nettsider tilbys hans kurs som omfatter utforskning, l\u00e6ringsstrategier, probleml\u00f8sning og bruk av konkretiseringsmateriell.<\/p>\n<p>Hals har v\u00e6rt en drivkraft for Landslaget for matematikk i skolen (LAMIS) b\u00e5de lokalt og nasjonalt og var initiativtaker til \u00e5 opprette lokallaget i Nordfjord. I 2007 var han sentral i arrangementkomiteen for sommerkurset i LAMIS. Ved flere anledninger har han holdt verksteder og plenumsforedrag, som alle er preget av hans engasjement for matematikkfaget og omtanke for elevene. At en matematikkl\u00e6rer fra videreg\u00e5ende skole engasjerer seg p\u00e5 denne m\u00e5ten er av stor betydning for LAMIS.<\/p>\n<p>\u00abDet er aldri s\u00e5 stilt som i Sigbj\u00f8rn sine timer, fortalte barna mine. Ikke fordi de var redd ham, men fordi elevene skj\u00f8nte at han arbeidet s\u00e5 mye for at de skulle forst\u00e5.\u00bb Sitatet er fra en mor som ogs\u00e5 selv har hatt Sigbj\u00f8rn som matematikkl\u00e6rer. Hals ser sine elever \u2013 \u00abTakk for at du s\u00e5g meg\u00bb er et av hans foredrag \u2013 og han lager oppgaver som er tilpasset hver enkelt. Han supplerer l\u00e6reboken med relevante opplegg som engasjerer og l\u00f8fter alle elevene faglig. Hals er lydh\u00f8r for elevene og er opptatt av \u00e5 forst\u00e5 hvordan de l\u00e6rer. Prisvinneren har god kontakt med foreldre, og han vet hvor den enkelte elev st\u00e5r i matematikk fra dag \u00e9n.<\/p>\n<p>Han fortsetter stadig sin kompetanseoppbygging, noe som gjenspeiles i hans rikholdige faglige bakgrunn. I utgangspunktet er han samfunnsviter med hovedfag i sosialantropologi og med fysikk og kjemi i fagkretsen. Han har underveis supplert med videreutdanning i matematikk og har nylig avsluttet en master i matematikkdidaktikk.<\/p>\n<p><a class=\"menu\" href=\"http:\/\/www.matematikksenteret.no\/content\/357\/Sigbjorn-Hals\">Sigbj\u00f8rn Hals<\/a><br \/>\n<a class=\"menu\" href=\"http:\/\/www.maloy.vgs.no\/\">M\u00e5l\u00f8y vidareg\u00e5ande skule<\/a><br \/>\n<a class=\"menu\" href=\"http:\/\/www.matematikksenteret.no\/\">Nasjonalt senter for matematikk i oppl\u00e6ringen<\/a><br \/>\n<a class=\"menu\" href=\"http:\/\/www.caspar.no\/tangenten.php\">Tangenten<\/a><br \/>\n<a class=\"menu\" href=\"http:\/\/www.lamis.no\/\">LAMIS<\/a><\/p>\n<\/div>\n","protected":false},"excerpt":{"rendered":"<p>Sigbj\u00f8rn Hals, vinner av Holmboeprisen 2011 Sigbj\u00f8rn Hals har sitt virke som matematikkl\u00e6rer ved M\u00e5l\u00f8y vidareg\u00e5ande skule i Sogn og Fjordane. Hals viser en enest\u00e5ende entusiasme for matematikkfaget, har et gl\u00f8dende engasjement for elevene og er en inspirator for kolleger &hellip; <a href=\"https:\/\/blogg.hiof.no\/holmboeprisen\/prisvinnere\/prisvinner-2011\/\">Les videre <span class=\"meta-nav\">&rarr;<\/span><\/a><\/p>\n","protected":false},"author":2225,"featured_media":0,"parent":12,"menu_order":0,"comment_status":"closed","ping_status":"closed","template":"","meta":{"footnotes":""},"class_list":["post-67","page","type-page","status-publish","hentry"],"_links":{"self":[{"href":"https:\/\/blogg.hiof.no\/holmboeprisen\/wp-json\/wp\/v2\/pages\/67","targetHints":{"allow":["GET"]}}],"collection":[{"href":"https:\/\/blogg.hiof.no\/holmboeprisen\/wp-json\/wp\/v2\/pages"}],"about":[{"href":"https:\/\/blogg.hiof.no\/holmboeprisen\/wp-json\/wp\/v2\/types\/page"}],"author":[{"embeddable":true,"href":"https:\/\/blogg.hiof.no\/holmboeprisen\/wp-json\/wp\/v2\/users\/2225"}],"replies":[{"embeddable":true,"href":"https:\/\/blogg.hiof.no\/holmboeprisen\/wp-json\/wp\/v2\/comments?post=67"}],"version-history":[{"count":2,"href":"https:\/\/blogg.hiof.no\/holmboeprisen\/wp-json\/wp\/v2\/pages\/67\/revisions"}],"predecessor-version":[{"id":69,"href":"https:\/\/blogg.hiof.no\/holmboeprisen\/wp-json\/wp\/v2\/pages\/67\/revisions\/69"}],"up":[{"embeddable":true,"href":"https:\/\/blogg.hiof.no\/holmboeprisen\/wp-json\/wp\/v2\/pages\/12"}],"wp:attachment":[{"href":"https:\/\/blogg.hiof.no\/holmboeprisen\/wp-json\/wp\/v2\/media?parent=67"}],"curies":[{"name":"wp","href":"https:\/\/api.w.org\/{rel}","templated":true}]}}