{"id":90,"date":"2024-11-22T12:18:08","date_gmt":"2024-11-22T11:18:08","guid":{"rendered":"https:\/\/blogg.hiof.no\/holmboeprisen\/?page_id=90"},"modified":"2024-11-22T12:18:08","modified_gmt":"2024-11-22T11:18:08","slug":"prisvinner-2023","status":"publish","type":"page","link":"https:\/\/blogg.hiof.no\/holmboeprisen\/prisvinnere\/prisvinner-2023\/","title":{"rendered":"Prisvinner 2023"},"content":{"rendered":"<div class=\"light\">\n<h2>Morten Munthe, Oslo Handelsgymnasium, vinner av Holmboeprisen 2023<\/h2>\n<p class=\"ingress\">Norsk matematikkr\u00e5d har tildelt Bernt Michael Holmboes minnepris for 2023 til Morten Munthe. Prisvinneren blir h\u00f8yt verdsatt av elever og kollegaer, og er kjent som en sv\u00e6rt kunnskapsrik, engasjerende og kreativ l\u00e6rer. Han tok nylig en ph.d.-grad i matematikkdidaktikk om bruk av programmering i matematikkoppl\u00e6ringen.<\/p>\n<div class=\"center\"><img loading=\"lazy\" decoding=\"async\" class=\"center shadow\" src=\"https:\/\/holmboeprisen.no\/images\/MortenMunthe.png\" alt=\"Portrett av Morten Munthe\" width=\"263\" height=\"305\" \/><\/p>\n<p class=\"caption\">Morten Munthe<\/p>\n<\/div>\n<p>Kreativiteten og kompetansen til Morten Munthe gir seg mange utslag i klasserommet. Han kan trollbinde elevene gjennom fortellinger om forskjellige matematiske \u00abrariteter\u00bb og har en unik evne til \u00e5 skape nysgjerrighet og innsikt.<\/p>\n<p>Munthe gjennomf\u00f8rte forskningsarbeidet knyttet til ph.d.-graden i sine egne R1- og R2-klasser. Dette var f\u00f8r programmering ble en del av matematikkfaget i Kunnskapsl\u00f8ftet 20. En tidligere elev forteller at hun havnet i en slik R1-klasse \u00abved en feil\u00bb. Hun \u00f8nsket \u00e5 bytte til en mer tradisjonell klasse, men ble overtalt til \u00e5 bli timen ut. Etter f\u00e5 minutter skj\u00f8nte hun at denne spennende l\u00e6ringsreisen ville hun ikke g\u00e5 glipp av.<\/p>\n<p>Prisvinneren deler raust av egen kompetanse og egne opplegg med kollegaer p\u00e5 Oslo Handelsgymnasium. Han holder kurs for de andre l\u00e6rerne om alt fra LIST-oppgaver (oppgaver med lav inngangsterskel og stor takh\u00f8yde) til kunstig intelligens.<\/p>\n<p>Morten Munthe er ogs\u00e5 en ressurs for andre matematikkl\u00e6rere rundt om i landet. Han har holdt en rekke kurs og <a href=\"https:\/\/www.tekna.no\/fag-og-nettverk\/realfag-og-utdanning\/realfagsbloggen\/programmeringsdidaktikk\/\">foredrag<\/a> om hvordan programmering kan bidra til dybdel\u00e6ring i faget. Vi kan finne eksempler p\u00e5 undervisningsopplegg som han har laget og gjort gratis tilgjengelig p\u00e5 <a href=\"https:\/\/www.edudata.no\/\">https:\/\/www.edudata.no\/<\/a>. Munthe har n\u00e5 en tredelt stilling, fordelt p\u00e5 Oslo Handelsgymnasium, Utdanningsetaten i Oslo og Norges milj\u00f8- og biovitenskaplige universitet. P\u00e5 NMBU er han ogs\u00e5 ansvarlig for det didaktiske innholdet i etter- og videreutdanningen av matematikkl\u00e6rere.<\/p>\n<p>Vinneren av Holmboeprisen 2023 blir omtalt som en uvanlig dyktig, engasjerende og raus l\u00e6rer. En kollega uttrykker det slik: \u00abHan har alle muligheter i verden n\u00e5r det gjelder jobb, men han blir med elevene for \u00e5 bruke kunnskapen sin for deres beste. Han sier at det er det viktigste og mest meningsfulle av alt.\u00bb<\/p>\n<p><a class=\"menu\" href=\"https:\/\/ohg.vgs.no\">Oslo Handelsgymnasium<\/a><\/p>\n<\/div>\n","protected":false},"excerpt":{"rendered":"<p>Morten Munthe, Oslo Handelsgymnasium, vinner av Holmboeprisen 2023 Norsk matematikkr\u00e5d har tildelt Bernt Michael Holmboes minnepris for 2023 til Morten Munthe. Prisvinneren blir h\u00f8yt verdsatt av elever og kollegaer, og er kjent som en sv\u00e6rt kunnskapsrik, engasjerende og kreativ l\u00e6rer. &hellip; <a href=\"https:\/\/blogg.hiof.no\/holmboeprisen\/prisvinnere\/prisvinner-2023\/\">Les videre <span class=\"meta-nav\">&rarr;<\/span><\/a><\/p>\n","protected":false},"author":2225,"featured_media":0,"parent":12,"menu_order":0,"comment_status":"closed","ping_status":"closed","template":"","meta":{"footnotes":""},"class_list":["post-90","page","type-page","status-publish","hentry"],"_links":{"self":[{"href":"https:\/\/blogg.hiof.no\/holmboeprisen\/wp-json\/wp\/v2\/pages\/90","targetHints":{"allow":["GET"]}}],"collection":[{"href":"https:\/\/blogg.hiof.no\/holmboeprisen\/wp-json\/wp\/v2\/pages"}],"about":[{"href":"https:\/\/blogg.hiof.no\/holmboeprisen\/wp-json\/wp\/v2\/types\/page"}],"author":[{"embeddable":true,"href":"https:\/\/blogg.hiof.no\/holmboeprisen\/wp-json\/wp\/v2\/users\/2225"}],"replies":[{"embeddable":true,"href":"https:\/\/blogg.hiof.no\/holmboeprisen\/wp-json\/wp\/v2\/comments?post=90"}],"version-history":[{"count":1,"href":"https:\/\/blogg.hiof.no\/holmboeprisen\/wp-json\/wp\/v2\/pages\/90\/revisions"}],"predecessor-version":[{"id":91,"href":"https:\/\/blogg.hiof.no\/holmboeprisen\/wp-json\/wp\/v2\/pages\/90\/revisions\/91"}],"up":[{"embeddable":true,"href":"https:\/\/blogg.hiof.no\/holmboeprisen\/wp-json\/wp\/v2\/pages\/12"}],"wp:attachment":[{"href":"https:\/\/blogg.hiof.no\/holmboeprisen\/wp-json\/wp\/v2\/media?parent=90"}],"curies":[{"name":"wp","href":"https:\/\/api.w.org\/{rel}","templated":true}]}}