{"id":59,"date":"2017-08-10T13:30:00","date_gmt":"2017-08-10T11:30:00","guid":{"rendered":"https:\/\/blogg.hiof.no\/ithjelp\/?page_id=59"},"modified":"2017-08-10T13:53:54","modified_gmt":"2017-08-10T11:53:54","slug":"fotovideo","status":"publish","type":"page","link":"https:\/\/blogg.hiof.no\/ithjelp\/fotovideo\/","title":{"rendered":"Foto\/Video"},"content":{"rendered":"<p>Informatikkavdelingen har en del utstyr for Foto &#8211; video og lyd. Dette utstyret er mulig \u00e5 l\u00e5ne for IT-studenter.<\/p>\n<p>Se n\u00e6rmere info og oversikt over utstyret p\u00e5 &laquo;<a href=\"http:\/\/blogg.hiof.no\/dmpro\">blogg.hiof.no\/dmpro<\/a>&laquo;<\/p>\n","protected":false},"excerpt":{"rendered":"<p>Informatikkavdelingen har en del utstyr for Foto &#8211; video og lyd. Dette utstyret er mulig \u00e5 l\u00e5ne for IT-studenter. Se n\u00e6rmere info og oversikt over utstyret p\u00e5 &laquo;blogg.hiof.no\/dmpro&laquo;<\/p>\n","protected":false},"author":221,"featured_media":0,"parent":0,"menu_order":0,"comment_status":"closed","ping_status":"closed","template":"","meta":{"footnotes":""},"class_list":["post-59","page","type-page","status-publish","hentry"],"_links":{"self":[{"href":"https:\/\/blogg.hiof.no\/ithjelp\/wp-json\/wp\/v2\/pages\/59","targetHints":{"allow":["GET"]}}],"collection":[{"href":"https:\/\/blogg.hiof.no\/ithjelp\/wp-json\/wp\/v2\/pages"}],"about":[{"href":"https:\/\/blogg.hiof.no\/ithjelp\/wp-json\/wp\/v2\/types\/page"}],"author":[{"embeddable":true,"href":"https:\/\/blogg.hiof.no\/ithjelp\/wp-json\/wp\/v2\/users\/221"}],"replies":[{"embeddable":true,"href":"https:\/\/blogg.hiof.no\/ithjelp\/wp-json\/wp\/v2\/comments?post=59"}],"version-history":[{"count":2,"href":"https:\/\/blogg.hiof.no\/ithjelp\/wp-json\/wp\/v2\/pages\/59\/revisions"}],"predecessor-version":[{"id":76,"href":"https:\/\/blogg.hiof.no\/ithjelp\/wp-json\/wp\/v2\/pages\/59\/revisions\/76"}],"wp:attachment":[{"href":"https:\/\/blogg.hiof.no\/ithjelp\/wp-json\/wp\/v2\/media?parent=59"}],"curies":[{"name":"wp","href":"https:\/\/api.w.org\/{rel}","templated":true}]}}