{"id":15,"date":"2021-01-28T13:47:40","date_gmt":"2021-01-28T13:47:40","guid":{"rendered":"https:\/\/blogg.hiof.no\/maprog\/?page_id=15"},"modified":"2021-05-06T14:37:46","modified_gmt":"2021-05-06T14:37:46","slug":"arbeidsmater","status":"publish","type":"page","link":"https:\/\/blogg.hiof.no\/maprog\/arbeidsmater\/","title":{"rendered":"Arbeidsm\u00e5ten"},"content":{"rendered":"<h1>Arbeidsm\u00e5ter for programmering i matematikken<\/h1>\n<blockquote><p><span data-contrast=\"auto\">Hvordan arbeide med programmering i matematikken p\u00e5 ungdomstrinnet slik at det ikke blir for tidkrevende og at elevene kan n\u00e5 kompetansem\u00e5lene i matematikk? <\/span><\/p><\/blockquote>\n<p><span data-contrast=\"auto\">Dette var et vesentlig sp\u00f8rsm\u00e5l da vi startet utpr\u00f8vingen sammen med l\u00e6rerne. I tillegg var det viktig \u00e5 f\u00e5 fram sammenhengene mellom matematikk og programmering i matematikkfaget.<\/span><span data-ccp-props=\"{&quot;201341983&quot;:0,&quot;335559739&quot;:160,&quot;335559740&quot;:259}\">\u00a0<\/span><\/p>\n<p><span data-contrast=\"auto\">Vi tenker oss tre ulike arbeidsm\u00e5ter:<\/span><span data-ccp-props=\"{&quot;201341983&quot;:0,&quot;335559739&quot;:160,&quot;335559740&quot;:259}\">\u00a0<\/span><\/p>\n<ol>\n<li><strong>Tutorials<\/strong><span data-ccp-props=\"{&quot;201341983&quot;:0,&quot;335559739&quot;:160,&quot;335559740&quot;:259}\"> er ferdige programmeringsoppl\u00e6ringen med trinnvise instruksjoner som studentene kan f\u00f8lger med for \u00e5 forst\u00e5 materialet. Et eksempel p\u00e5 tutorials er <a href=\"https:\/\/hourofcode.com\/no\/no\/learn\">kodetimen<\/a>.<br \/>\n<\/span><\/li>\n<li><span data-contrast=\"auto\"><strong>Utforsking:<\/strong>\u00a0Mange, spesielt blokkbaserte programmeringsspr\u00e5k, gir programmeringsgrensesnitt med mange ferdige kodeblokker som studentene kan kombinere fritt for \u00e5 utforske deres effekter. Denne tiln\u00e6rmingen er ofte knyttet til en &laquo;pr\u00f8ving og feil&raquo; tankegang og fokuserer ofte ikke p\u00e5 presise m\u00e5l slik tutorials. For eksempel brukes <a href=\"https:\/\/scratch.mit.edu\/\">Scratch<\/a> ofte for denne typen tiln\u00e6rminger.<br \/>\n<\/span><\/li>\n<li><span data-contrast=\"auto\"><strong>Use \u2013 Modify \u2013 Create<\/strong> er m\u00e5ten vi har jobbet mest med i prosjektet v\u00e5rt, og som vi vil forklare i detalj nedenfor. Du finner eksemplene v\u00e5re under <a href=\"https:\/\/blogg.hiof.no\/maprog\/category\/undervisningsopplegg\/\">undervisningsopplegg<\/a>.<\/span><\/li>\n<\/ol>\n<h2><b><span data-contrast=\"auto\">Use-Modify \u2013 Create<\/span><\/b><span data-ccp-props=\"{&quot;201341983&quot;:0,&quot;335559739&quot;:160,&quot;335559740&quot;:259,&quot;469777462&quot;:[3950],&quot;469777927&quot;:[0],&quot;469777928&quot;:[1]}\">\u00a0<\/span><\/h2>\n<p><span data-contrast=\"auto\">Prinsippet i\u00a0<\/span><span data-contrast=\"auto\">UMC er \u00e5 bruke ferdige kodeeksempler og utforske matematikken i disse (Use). N\u00e5r eleven forst\u00e5r hvordan koden virker, kan han \/ hun endre kodeeksemplet , utforske matematikken videre og l\u00e6re programmering (Modify). Til slutt kan studenten lage sin egen kode (Create).<\/span><\/p>\n<figure id=\"attachment_157\" aria-describedby=\"caption-attachment-157\" style=\"width: 800px\" class=\"wp-caption alignnone\"><img loading=\"lazy\" decoding=\"async\" class=\"wp-image-157\" src=\"https:\/\/blogg.hiof.no\/maprog\/files\/2021\/05\/umc_no.png\" alt=\"\" width=\"800\" height=\"359\" srcset=\"https:\/\/blogg.hiof.no\/maprog\/files\/2021\/05\/umc_no.png 2190w, https:\/\/blogg.hiof.no\/maprog\/files\/2021\/05\/umc_no-300x135.png 300w, https:\/\/blogg.hiof.no\/maprog\/files\/2021\/05\/umc_no-1024x459.png 1024w, https:\/\/blogg.hiof.no\/maprog\/files\/2021\/05\/umc_no-768x344.png 768w, https:\/\/blogg.hiof.no\/maprog\/files\/2021\/05\/umc_no-1536x689.png 1536w, https:\/\/blogg.hiof.no\/maprog\/files\/2021\/05\/umc_no-2048x918.png 2048w\" sizes=\"auto, (max-width: 767px) 89vw, (max-width: 1000px) 54vw, (max-width: 1071px) 543px, 580px\" \/><figcaption id=\"caption-attachment-157\" class=\"wp-caption-text\">Use Modify Create Modell<\/figcaption><\/figure>\n<p>I v\u00e5re utpr\u00f8vinger\u00a0med l\u00e6rerne p\u00e5 ungdomstrinnet begrenset vi oss ofte til \u00e5 bruke Use og Modify. \u00a0Nedenfor presenterer vi funnene v\u00e5re som en video.<\/p>\n<div style=\"width: 525px;\" class=\"wp-video\"><video class=\"wp-video-shortcode\" id=\"video-15-1\" width=\"525\" height=\"295\" preload=\"metadata\" controls=\"controls\"><source type=\"video\/mp4\" src=\"https:\/\/blogg.hiof.no\/maprog\/files\/2021\/03\/samtale_om_use_modify_create_1586868809284.mp4?_=1\" \/><a href=\"https:\/\/blogg.hiof.no\/maprog\/files\/2021\/03\/samtale_om_use_modify_create_1586868809284.mp4\">https:\/\/blogg.hiof.no\/maprog\/files\/2021\/03\/samtale_om_use_modify_create_1586868809284.mp4<\/a><\/video><\/div>\n<p><span data-contrast=\"auto\">D<\/span><span data-contrast=\"auto\">isse artiklene\u00a0<\/span><span data-contrast=\"auto\">beskriver<\/span><span data-contrast=\"auto\">\u00a0studier med bruk av UMC:<\/span><span data-ccp-props=\"{&quot;134233117&quot;:true,&quot;134233118&quot;:true,&quot;201341983&quot;:0,&quot;335551550&quot;:6,&quot;335551620&quot;:6,&quot;335559685&quot;:270,&quot;335559740&quot;:240,&quot;335559991&quot;:270}\">\u00a0<\/span><\/p>\n<ul>\n<li><span data-contrast=\"auto\">Lee, I., Martin, F.,\u202f<\/span><span data-contrast=\"auto\">Denner<\/span><span data-contrast=\"auto\">, J.,\u202f<\/span><span data-contrast=\"auto\">Coulter<\/span><span data-contrast=\"auto\">, B., Allan, W.,\u202f<\/span><span data-contrast=\"auto\">Erickson<\/span><span data-contrast=\"auto\">, J.,\u202f<\/span><span data-contrast=\"auto\">Malyn<\/span><span data-contrast=\"auto\">-Smith, J., &amp; Werner, L. (2011).\u202f<\/span><span data-contrast=\"auto\"><a href=\"https:\/\/dl.acm.org\/doi\/10.1145\/1929887.1929902\">Computational thinking for youth in practice<\/a>.\u202f<\/span><i><span data-contrast=\"auto\">Acm<\/span><\/i><i><span data-contrast=\"auto\">\u202fInroads<\/span><\/i><span data-contrast=\"auto\">,\u202f<\/span><i><span data-contrast=\"auto\">2<\/span><\/i><span data-contrast=\"auto\">(1), 32\u201337.<\/span><span data-contrast=\"auto\">\u202f<\/span><span data-ccp-props=\"{&quot;134233117&quot;:true,&quot;134233118&quot;:true,&quot;201341983&quot;:0,&quot;335551550&quot;:6,&quot;335551620&quot;:6,&quot;335559685&quot;:270,&quot;335559740&quot;:240,&quot;335559991&quot;:270}\">\u00a0<\/span><\/li>\n<li><span data-contrast=\"auto\">Lytle, N.,\u202f<\/span><span data-contrast=\"auto\">Catet\u00e9<\/span><span data-contrast=\"auto\">, V.,\u202f<\/span><span data-contrast=\"auto\">Boulden<\/span><span data-contrast=\"auto\">, D., Dong, Y.,\u202f<\/span><span data-contrast=\"auto\">Houchins<\/span><span data-contrast=\"auto\">, J., Milliken, A.,\u202f<\/span><span data-contrast=\"auto\">Isvik<\/span><span data-contrast=\"auto\">, A.,\u202f<\/span><span data-contrast=\"auto\">Bounajim<\/span><span data-contrast=\"auto\">, D., Wiebe, E., &amp; Barnes, T. (2019). <a href=\"https:\/\/dl.acm.org\/doi\/10.1145\/3304221.3319786\">Use, Modify,\u202f<\/a><\/span><span data-contrast=\"auto\">Create<\/span><span data-contrast=\"auto\">: Comparing Computational Thinking Lesson Progressions for STEM Classes.\u202f<\/span><i><span data-contrast=\"auto\">Proceedings of the 2019 ACM Conference on Innovation and Technology in Computer Science Education<\/span><\/i><span data-contrast=\"auto\">, 395\u2013401.\u202f<\/span><span data-contrast=\"auto\">\u202f<\/span><span data-ccp-props=\"{&quot;201341983&quot;:0,&quot;335551550&quot;:6,&quot;335551620&quot;:6,&quot;335559685&quot;:270,&quot;335559739&quot;:160,&quot;335559740&quot;:240,&quot;335559991&quot;:270}\">\u00a0<\/span><\/li>\n<li><span data-contrast=\"auto\">Martin, F., Lee, I., Lytle, N.,\u202f<\/span><span data-contrast=\"auto\">Sentance<\/span><span data-contrast=\"auto\">, S., &amp; Lao, N. (2020). <a href=\"https:\/\/dl.acm.org\/doi\/10.1145\/3328778.3366971\">Extending and Evaluating the Use-Modify-Create Progression for Engaging Youth in Computational Thinking<\/a>.\u202f<\/span><i><span data-contrast=\"auto\">Proceedings of the 51st ACM Technical Symposium on Computer Science Education<\/span><\/i><span data-contrast=\"auto\">, 807\u2013808.<\/span><span data-contrast=\"auto\">\u202f<\/span><span data-ccp-props=\"{&quot;201341983&quot;:0,&quot;335551550&quot;:6,&quot;335551620&quot;:6,&quot;335559685&quot;:270,&quot;335559739&quot;:160,&quot;335559740&quot;:240,&quot;335559991&quot;:270}\">\u00a0<\/span><\/li>\n<\/ul>\n","protected":false},"excerpt":{"rendered":"<p>Arbeidsm\u00e5ter for programmering i matematikken Hvordan arbeide med programmering i matematikken p\u00e5 ungdomstrinnet slik at det ikke blir for tidkrevende og at elevene kan n\u00e5 kompetansem\u00e5lene i matematikk? Dette var et vesentlig sp\u00f8rsm\u00e5l da vi startet utpr\u00f8vingen sammen med l\u00e6rerne. I tillegg var det viktig \u00e5 f\u00e5 fram sammenhengene mellom matematikk og programmering i matematikkfaget.\u00a0 &hellip; <\/p>\n<p class=\"link-more\"><a href=\"https:\/\/blogg.hiof.no\/maprog\/arbeidsmater\/\" class=\"more-link\">Fortsett \u00e5 lese<span class=\"screen-reader-text\"> \u00abArbeidsm\u00e5ten\u00bb<\/span><\/a><\/p>\n","protected":false},"author":454,"featured_media":0,"parent":0,"menu_order":0,"comment_status":"closed","ping_status":"closed","template":"","meta":{"footnotes":""},"class_list":["post-15","page","type-page","status-publish","hentry"],"jetpack_sharing_enabled":true,"_links":{"self":[{"href":"https:\/\/blogg.hiof.no\/maprog\/wp-json\/wp\/v2\/pages\/15","targetHints":{"allow":["GET"]}}],"collection":[{"href":"https:\/\/blogg.hiof.no\/maprog\/wp-json\/wp\/v2\/pages"}],"about":[{"href":"https:\/\/blogg.hiof.no\/maprog\/wp-json\/wp\/v2\/types\/page"}],"author":[{"embeddable":true,"href":"https:\/\/blogg.hiof.no\/maprog\/wp-json\/wp\/v2\/users\/454"}],"replies":[{"embeddable":true,"href":"https:\/\/blogg.hiof.no\/maprog\/wp-json\/wp\/v2\/comments?post=15"}],"version-history":[{"count":16,"href":"https:\/\/blogg.hiof.no\/maprog\/wp-json\/wp\/v2\/pages\/15\/revisions"}],"predecessor-version":[{"id":175,"href":"https:\/\/blogg.hiof.no\/maprog\/wp-json\/wp\/v2\/pages\/15\/revisions\/175"}],"wp:attachment":[{"href":"https:\/\/blogg.hiof.no\/maprog\/wp-json\/wp\/v2\/media?parent=15"}],"curies":[{"name":"wp","href":"https:\/\/api.w.org\/{rel}","templated":true}]}}