{"id":22,"date":"2021-03-11T07:07:11","date_gmt":"2021-03-11T07:07:11","guid":{"rendered":"https:\/\/blogg.hiof.no\/maprog\/?page_id=22"},"modified":"2024-03-21T07:49:52","modified_gmt":"2024-03-21T07:49:52","slug":"laeroplanen","status":"publish","type":"page","link":"https:\/\/blogg.hiof.no\/maprog\/laeroplanen\/","title":{"rendered":"L\u00e6replanen"},"content":{"rendered":"<h1>L\u00e6replanen om programmering<\/h1>\n<p>Vi tar utgangspunkt i den informasjonen som ligger p\u00e5 Utdanningsdirektoratets sider om programmering. Lenken viser til et hefte som omhandler programmering: <a href=\"https:\/\/www.udir.no\/kvalitet-og-kompetanse\/digitalisering\/algoritmisk-tenkning\/\">https:\/\/www.udir.no\/kvalitet-og-kompetanse\/digitalisering\/algoritmisk-tenkning\/<\/a><\/p>\n<p>Programmering, slik det er brukt\u00a0 i dokumentet\u00a0overfor, omfatter mer enn \u00e5 bare skrive programkode som kan kj\u00f8res p\u00e5 en datamaskin. Det inkluderer ogs\u00e5 prosessen med \u00e5 komme fram til denne koden. Det vil si prosessen fra \u00e5 identifisere et problem og tenke ut mulige l\u00f8sninger p\u00e5 problemet, til \u00e5 skrive kode som kan forst\u00e5s av en datamaskin, og \u00e5 feils\u00f8ke og kontinuerlig forbedre denne koden.<\/p>\n<p>Sammen med programmering, brukes begrepet algoritmisk tenking. I matematikkfaget inng\u00e5r algoritmisk tenking i kjernelementet <b>Utforsking og probleml\u00f8sing<\/b>. Utforsking i matematikk handlar om at elevane leiter etter m\u00f8nster, finn samanhengar og diskuterer seg fram til ei felles forst\u00e5ing. Elevane skal leggje meir vekt p\u00e5 strategiane og framgangsm\u00e5tane enn p\u00e5 l\u00f8ysingane. Probleml\u00f8ysing i matematikk handlar om at elevane utviklar ein metode for \u00e5 l\u00f8yse eit problem dei ikkje kjenner fr\u00e5 f\u00f8r. <b>Algoritmisk tenking er viktig i prosessen med \u00e5 utvikle strategiar og framgangsm\u00e5tar for \u00e5 l\u00f8yse problem og inneber \u00e5 bryte ned eit problem i delproblem som kan l\u00f8ysast systematisk. Vidare inneber det \u00e5 vurdere om del problema best kan l\u00f8ysast med eller utan digitale verkt\u00f8y.<\/b>\u00a0Probleml\u00f8ysing handlar \u00f2g om \u00e5 analysere og forme om kjende og ukjende problem, l\u00f8yse dei og vurdere om l\u00f8ysingane er gyldige.<\/p>\n<p>P\u00e5 Utdanningsdirektoratets sider kan du ogs\u00e5 laste ned denne plakaten som viser hva algoritmisk tenking er:\u00a0<a href=\"https:\/\/www.udir.no\/globalassets\/filer\/bilder\/algoritmisk-tenkning\/plakat-algoritmisk-tenkning_a3fersken.pdf\">https:\/\/www.udir.no\/globalassets\/filer\/bilder\/algoritmisk-tenkning\/plakat-algoritmisk-tenkning_a3fersken.pdf<\/a><\/p>\n<p><strong>Kompetansem\u00e5l relatert til programmering p\u00e5 ungdomstrinnet<\/strong><\/p>\n<ul>\n<li><strong>8. trinn<\/strong>: M\u00e5l for oppl\u00e6ringen er at eleven skal kunne utforske hvordan algoritmer kan skapes, testes og forbedres ved hjelp av programmering<\/li>\n<li><strong>9. trinn<\/strong>: M\u00e5l for oppl\u00e6ringen er at eleven skal kunne simulere utfall i tilfeldige fors\u00f8k og beregne sannsynligheten for at noe skal inntreffe, ved \u00e5 bruke programmering<\/li>\n<li><strong>10. trinn<\/strong>: M\u00e5l for oppl\u00e6ringen er at eleven skal kunne utforske matematiske egenskaper og sammenhenger ved \u00e5 bruke programmering.<\/li>\n<\/ul>\n","protected":false},"excerpt":{"rendered":"<p>L\u00e6replanen om programmering Vi tar utgangspunkt i den informasjonen som ligger p\u00e5 Utdanningsdirektoratets sider om programmering. Lenken viser til et hefte som omhandler programmering: https:\/\/www.udir.no\/kvalitet-og-kompetanse\/digitalisering\/algoritmisk-tenkning\/ Programmering, slik det er brukt\u00a0 i dokumentet\u00a0overfor, omfatter mer enn \u00e5 bare skrive programkode som kan kj\u00f8res p\u00e5 en datamaskin. Det inkluderer ogs\u00e5 prosessen med \u00e5 komme fram til denne &hellip; <\/p>\n<p class=\"link-more\"><a href=\"https:\/\/blogg.hiof.no\/maprog\/laeroplanen\/\" class=\"more-link\">Fortsett \u00e5 lese<span class=\"screen-reader-text\"> \u00abL\u00e6replanen\u00bb<\/span><\/a><\/p>\n","protected":false},"author":454,"featured_media":0,"parent":0,"menu_order":0,"comment_status":"closed","ping_status":"closed","template":"","meta":{"footnotes":""},"class_list":["post-22","page","type-page","status-publish","hentry"],"jetpack_sharing_enabled":true,"_links":{"self":[{"href":"https:\/\/blogg.hiof.no\/maprog\/wp-json\/wp\/v2\/pages\/22","targetHints":{"allow":["GET"]}}],"collection":[{"href":"https:\/\/blogg.hiof.no\/maprog\/wp-json\/wp\/v2\/pages"}],"about":[{"href":"https:\/\/blogg.hiof.no\/maprog\/wp-json\/wp\/v2\/types\/page"}],"author":[{"embeddable":true,"href":"https:\/\/blogg.hiof.no\/maprog\/wp-json\/wp\/v2\/users\/454"}],"replies":[{"embeddable":true,"href":"https:\/\/blogg.hiof.no\/maprog\/wp-json\/wp\/v2\/comments?post=22"}],"version-history":[{"count":15,"href":"https:\/\/blogg.hiof.no\/maprog\/wp-json\/wp\/v2\/pages\/22\/revisions"}],"predecessor-version":[{"id":276,"href":"https:\/\/blogg.hiof.no\/maprog\/wp-json\/wp\/v2\/pages\/22\/revisions\/276"}],"wp:attachment":[{"href":"https:\/\/blogg.hiof.no\/maprog\/wp-json\/wp\/v2\/media?parent=22"}],"curies":[{"name":"wp","href":"https:\/\/api.w.org\/{rel}","templated":true}]}}